{"id":11747,"date":"2018-03-13T19:04:15","date_gmt":"2018-03-13T18:04:15","guid":{"rendered":"https:\/\/www.tibum.pl\/shop\/?page_id=11747"},"modified":"2024-04-18T14:14:56","modified_gmt":"2024-04-18T12:14:56","slug":"teatrzyki-kamishibai","status":"publish","type":"page","link":"https:\/\/www.tibum.pl\/shop\/teatrzyki-kamishibai","title":{"rendered":"Teatrzyki kamishibai"},"content":{"rendered":"<div class=\"wpb-content-wrapper\"><p>[vc_row][vc_column][vc_column_text]<\/p>\n<h3>Jedyne teatrzyki bukowe na polskim rynku!<\/h3>\n<p><strong>Jeste\u015bmy tw\u00f3rcami pierwszych polskich, drewnianych teatrzyk\u00f3w kamishibai (butai).<\/strong><\/p>\n<p><strong>Nasze teatrzyki wykonane s\u0105 r\u0119cznie, z wysokiej klasy materia\u0142\u00f3w &#8211; drewna bukowego i sklejki, malowane lakieram z atestem dla zabawek.<\/strong><\/p>\n<p>Wybierz teatrzyk drewniany kamishibai tradycyjny, wykonany na wz\u00f3r japo\u0144skiego teatrzyku kamishibai w formacie A3.<\/p>\n<p>Je\u015bli chcesz wiedzie\u0107 dlaczego nasze teatrzyki wygl\u0105daj\u0105 w ten spos\u00f3b <strong><a href=\"https:\/\/www.tibum.pl\/shop\/co-to-jest-kamishibai\">poczytaj wi\u0119cej o teatrzyku kamishibai.<\/a><\/strong><\/p>\n<p>&nbsp;<\/p>\n<p>Zobacz te\u017c nasze <strong><a href=\"https:\/\/www.tibum.pl\/shop\/ksiazka-kamishibai\">bajki kamishibai<\/a> <\/strong>&#8211; dla najm\u0142odszych i starszych, ksi\u0105\u017cki wydane w formie kart narracyjnych do teatrzyku kamishibai.[\/vc_column_text][vc_empty_space height=&#8221;40px&#8221;]<div class=\"woocommerce columns-4 \"><div class=\"wf-container dt-products  woo-hover products loading-effect-fade-in description-on-hover cart-btn-on-img wc-img-hover hide-description wc-grid\" data-padding=\"0px\" data-cur-page=\"1\" data-desktop-columns-num=\"3\" data-v-tablet-columns-num=\"2\" data-h-tablet-columns-num=\"3\" data-phone-columns-num=\"1\">\n\n<article class=\"post visible description-off product type-product post-13813 status-publish first instock product_cat-kamishibai product_cat-teatrzyk-parawan product_tag-bukowy-teatrzyk product_tag-butai product_tag-kamishibai product_tag-parawan product_tag-skrzynka product_tag-storytelling product_tag-teatrzyk-drewniany product_tag-tibum has-post-thumbnail taxable shipping-taxable purchasable product-type-simple\">\n\n\t<figure class=\"woocom-project\">\n\t<div class=\"woo-buttons-on-img\">\n\n\t\t<a href=\"https:\/\/www.tibum.pl\/shop\/produkt\/teatrzyk-kamishibai-format-a3-2\" class=\"alignnone layzr-bg\"><img decoding=\"async\" width=\"300\" height=\"216\" src=\"data:image\/svg+xml;charset=utf-8,%3Csvg xmlns%3D&#039;http%3A%2F%2Fwww.w3.org%2F2000%2Fsvg&#039; viewBox%3D&#039;0 0 300 216&#039;%2F%3E\" class=\"attachment-woocommerce_thumbnail size-woocommerce_thumbnail lazy-load preload-me\" alt=\"zamkni\u0119ta magiczna skrzynka kamishibai - zdj\u0119cie teatrzyku model C\" data-src=\"https:\/\/www.tibum.pl\/shop\/wp-content\/uploads\/tibum_kamishibai_parawan_c-e1493326780260-300x216.jpg\" \/><img decoding=\"async\" width=\"300\" height=\"216\" src=\"data:image\/svg+xml;charset=utf-8,%3Csvg xmlns%3D&#039;http%3A%2F%2Fwww.w3.org%2F2000%2Fsvg&#039; viewBox%3D&#039;0 0 300 216&#039;%2F%3E\" class=\"show-on-hover back-image lazy-load preload-me\" alt=\"\" data-src=\"https:\/\/www.tibum.pl\/shop\/wp-content\/uploads\/13-03-2018_TIBUM_FotoJerBaStudio_WWW-22-300x216.jpg\" \/><\/a>\n\t<\/div>\n\t<figcaption class=\"woocom-list-content\">\n\n\t\t<div class=\"woocommerce-product-details__short-description\">\n\t<p><strong>Tradycyjna, trzydrzwiowa wersja teatrzyku kamishibai zrealizowana na wz\u00f3r japo\u0144skiego butai.<\/strong><\/p>\n<p><strong>Do czytania ksi\u0105\u017cek w formie kart narracyjnych w formacie A3<\/strong><\/p>\n<p><strong>Drewniany, trzydrzwiowy parawan kamishibai wykonany jest z drewna bukowego i sklejki.<\/strong><br \/>\n<strong>Drewno bukowe w przeciwie\u0144stwie do sosnowego jest drewnem twardym. Zapewnia to teatrzykowi solidno\u015b\u0107 i trwa\u0142o\u015b\u0107.<\/strong><\/p>\n<p><strong>Teatrzyk w formacie A3 w kolorze: d\u0105b<\/strong><\/p>\n<\/div>\n\n\t<\/figcaption>\n<\/figure>\n\n<\/article>\n\n<\/div><\/div>[vc_empty_space height=&#8221;40px&#8221;]<style type=\"text\/css\" data-type=\"the7_shortcodes-inline-css\">.photos-carousel-shortcode-id-3d7805b6d5ff9bda0875bb20aa9ad8ef.owl-carousel .owl-nav div {\n  width: 36px;\n  height: 36px;\n  border-radius: 500px;\n}\n.photos-carousel-shortcode-id-3d7805b6d5ff9bda0875bb20aa9ad8ef.owl-carousel .owl-nav div:before,\n.photos-carousel-shortcode-id-3d7805b6d5ff9bda0875bb20aa9ad8ef.owl-carousel .owl-nav div:after {\n  border-width: 0px;\n}\n.photos-carousel-shortcode-id-3d7805b6d5ff9bda0875bb20aa9ad8ef.owl-carousel .owl-nav div.owl-prev {\n  top: 50%;\n  transform: translateY(calc(-50% + 0px));\n  left: -43px;\n}\n@media all and (-ms-high-contrast: none) {\n  .photos-carousel-shortcode-id-3d7805b6d5ff9bda0875bb20aa9ad8ef.owl-carousel .owl-nav div.owl-prev {\n    transform: translateY(-50%);\n    margin-top: 0px;\n  }\n}\n.photos-carousel-shortcode-id-3d7805b6d5ff9bda0875bb20aa9ad8ef.owl-carousel .owl-nav div.owl-prev i {\n  padding: 0px 0px 0px 0px;\n}\n.photos-carousel-shortcode-id-3d7805b6d5ff9bda0875bb20aa9ad8ef.owl-carousel .owl-nav div.owl-next {\n  top: 50%;\n  transform: translateY(calc(-50% + 0px));\n  right: -43px;\n}\n@media all and (-ms-high-contrast: none) {\n  .photos-carousel-shortcode-id-3d7805b6d5ff9bda0875bb20aa9ad8ef.owl-carousel .owl-nav div.owl-next {\n    transform: translateY(-50%);\n    margin-top: 0px;\n  }\n}\n.photos-carousel-shortcode-id-3d7805b6d5ff9bda0875bb20aa9ad8ef.owl-carousel .owl-nav div.owl-next i {\n  padding: 0px 0px 0px 0px;\n}\n.photos-carousel-shortcode-id-3d7805b6d5ff9bda0875bb20aa9ad8ef.owl-carousel .owl-nav i {\n  font-size: 13px;\n}\n.photos-carousel-shortcode-id-3d7805b6d5ff9bda0875bb20aa9ad8ef.owl-carousel .owl-nav div:not(:hover) i,\n.photos-carousel-shortcode-id-3d7805b6d5ff9bda0875bb20aa9ad8ef.owl-carousel .owl-nav div:not(:hover) i:before {\n  color: #e7531a;\n  background: none;\n}\n.photos-carousel-shortcode-id-3d7805b6d5ff9bda0875bb20aa9ad8ef.owl-carousel .owl-nav div:hover i,\n.photos-carousel-shortcode-id-3d7805b6d5ff9bda0875bb20aa9ad8ef.owl-carousel .owl-nav div:hover i:before {\n  color: #e7531a;\n  background: none;\n}\n.photos-carousel-shortcode-id-3d7805b6d5ff9bda0875bb20aa9ad8ef .owl-dots {\n  top: calc(100% + 20px);\n  left: 50%;\n  transform: translateX(calc(-50% + 0px));\n}\n@media all and (-ms-high-contrast: none) {\n  .photos-carousel-shortcode-id-3d7805b6d5ff9bda0875bb20aa9ad8ef .owl-dots {\n    transform: translateX(-50%);\n    margin-left: 0px;\n  }\n}\n.photos-carousel-shortcode-id-3d7805b6d5ff9bda0875bb20aa9ad8ef .owl-dot {\n  width: 10px;\n  height: 10px;\n  margin: 0 8px;\n}\n@media screen and (max-width: 778px) {\n  .photos-carousel-shortcode-id-3d7805b6d5ff9bda0875bb20aa9ad8ef.hide-arrows.owl-carousel .owl-nav a {\n    display: none;\n  }\n}\n@media screen and (max-width: 778px) {\n  .photos-carousel-shortcode-id-3d7805b6d5ff9bda0875bb20aa9ad8ef.reposition-arrows.owl-carousel .owl-nav .owl-prev {\n    top: 50%;\n    transform: translateY(calc(-50% + 0px));\n    left: 10px;\n  }\n  .photos-carousel-shortcode-id-3d7805b6d5ff9bda0875bb20aa9ad8ef.reposition-arrows.owl-carousel .owl-nav .owl-next {\n    top: 50%;\n    transform: translateY(calc(-50% + 0px));\n    right: 10px;\n  }\n}\n@media screen and (max-width: 778px) and all and (-ms-high-contrast: none) {\n  .photos-carousel-shortcode-id-3d7805b6d5ff9bda0875bb20aa9ad8ef.reposition-arrows.owl-carousel .owl-nav .owl-prev {\n    transform: translateY(-50%);\n    margin-top: 0px;\n  }\n}\n@media screen and (max-width: 778px) and all and (-ms-high-contrast: none) {\n  .photos-carousel-shortcode-id-3d7805b6d5ff9bda0875bb20aa9ad8ef.reposition-arrows.owl-carousel .owl-nav .owl-next {\n    transform: translateY(-50%);\n    margin-top: 0px;\n  }\n}\n.photos-carousel-shortcode-id-3d7805b6d5ff9bda0875bb20aa9ad8ef figure,\n.photos-carousel-shortcode-id-3d7805b6d5ff9bda0875bb20aa9ad8ef .rollover,\n.photos-carousel-shortcode-id-3d7805b6d5ff9bda0875bb20aa9ad8ef img,\n.photos-carousel-shortcode-id-3d7805b6d5ff9bda0875bb20aa9ad8ef .gallery-rollover {\n  border-radius: 0px;\n}\n.photos-carousel-shortcode-id-3d7805b6d5ff9bda0875bb20aa9ad8ef.enable-bg-rollover .gallery-rollover {\n  background: -webkit-linear-gradient();\n  background: linear-gradient();\n}\n.photos-carousel-shortcode-id-3d7805b6d5ff9bda0875bb20aa9ad8ef.enable-bg-rollover.hover-scale .rollover:after {\n  background: -webkit-linear-gradient();\n  background: linear-gradient();\n}\n.photos-carousel-shortcode-id-3d7805b6d5ff9bda0875bb20aa9ad8ef.enable-img-shadow .owl-stage-outer {\n  padding: 14px 0;\n}\n.photos-carousel-shortcode-id-3d7805b6d5ff9bda0875bb20aa9ad8ef.gallery-shortcode .gallery-zoom-ico {\n  width: 44px;\n  height: 44px;\n  line-height: 44px;\n  border-radius: 100px;\n  margin: -22px 0 0 -22px;\n  border-width: 0px;\n}\n.dt-icon-bg-on.photos-carousel-shortcode-id-3d7805b6d5ff9bda0875bb20aa9ad8ef.gallery-shortcode .gallery-zoom-ico {\n  background: rgba(255,255,255,0.3);\n  -webkit-box-shadow: none;\n  box-shadow: none;\n}\n.photos-carousel-shortcode-id-3d7805b6d5ff9bda0875bb20aa9ad8ef.gallery-shortcode .gallery-zoom-ico:before,\n.photos-carousel-shortcode-id-3d7805b6d5ff9bda0875bb20aa9ad8ef.gallery-shortcode .gallery-zoom-ico span {\n  font-size: 32px;\n  line-height: 44px;\n  color: #ffffff;\n  background: none;\n}<\/style><div class=\"owl-carousel gallery-carousel-shortcode gallery-shortcode dt-gallery-container album-gallery-shortcode dt-owl-carousel-call photos-carousel-shortcode-id-3d7805b6d5ff9bda0875bb20aa9ad8ef quick-scale-img enable-bg-rollover meta-info-off bullets-small-dot-stroke reposition-arrows dt-icon-bg-off arrows-bg-off disable-arrows-hover-bg arrows-hover-bg-off  hover-fade \" data-scroll-mode=\"1\" data-col-num=\"1\" data-wide-col-num=\"1\" data-laptop-col=\"1\" data-h-tablet-columns-num=\"1\" data-v-tablet-columns-num=\"1\" data-phone-columns-num=\"1\" data-col-gap=\"10\" data-stage-padding=\"0\" data-speed=\"600\" data-autoplay=\"false\" data-autoplay_speed=\"6000\" data-arrows=\"true\" data-bullet=\"true\" data-next-icon=\"icon-ar-017-r\" data-prev-icon=\"icon-ar-017-l\" data-img-shadow-size=\"12px\" data-img-shadow-spread=\"3px\"><article class=\"post visible post-6991 attachment type-attachment status-inherit hentry\"><a href=\"https:\/\/www.tibum.pl\/shop\/wp-content\/uploads\/tibum_kamishibai_parawan_slider1.png\" class=\"rollover-click-target rollover dt-pswp-item layzr-bg\" title=\"teatrzyk z ksi\u0105\u017ck\u0105\" data-dt-img-description=\"zaczyna si\u0119 przedstawienie\"  data-large_image_width=\"665\" data-large_image_height = \"499\" ><img fetchpriority=\"high\" decoding=\"async\" class=\"preload-me owl-lazy-load aspect\" src=\"data:image\/svg+xml,%3Csvg%20xmlns%3D&#39;http%3A%2F%2Fwww.w3.org%2F2000%2Fsvg&#39;%20viewBox%3D&#39;0%200%20665%20499&#39;%2F%3E\" data-src=\"https:\/\/www.tibum.pl\/shop\/wp-content\/uploads\/tibum_kamishibai_parawan_slider1.png\" data-srcset=\"https:\/\/www.tibum.pl\/shop\/wp-content\/uploads\/tibum_kamishibai_parawan_slider1.png 665w\" loading=\"eager\" style=\"--ratio: 665 \/ 499\" sizes=\"(max-width: 665px) 100vw, 665px\" alt=\"teatrzyk kamishibai otwarty, ksi\u0105\u017cka mna stronie tytu\u0142owej\" width=\"665\" height=\"499\"  \/><span class=\"gallery-rollover\"><span class=\"gallery-zoom-ico icomoon-the7-font-the7-zoom-06\"><span><\/span><\/span><\/span><\/a><\/article><article class=\"post visible post-23215 attachment type-attachment status-inherit hentry\"><a href=\"https:\/\/www.tibum.pl\/shop\/wp-content\/uploads\/qY5BzP_l.jpg\" class=\"rollover-click-target rollover dt-pswp-item layzr-bg\" title=\"qY5BzP_l\" data-dt-img-description=\"\"  data-large_image_width=\"2258\" data-large_image_height = \"1568\" ><img decoding=\"async\" class=\"preload-me owl-lazy-load aspect\" src=\"data:image\/svg+xml,%3Csvg%20xmlns%3D&#39;http%3A%2F%2Fwww.w3.org%2F2000%2Fsvg&#39;%20viewBox%3D&#39;0%200%201075%20747&#39;%2F%3E\" data-src=\"https:\/\/www.tibum.pl\/shop\/wp-content\/uploads\/qY5BzP_l-1075x747.jpg\" data-srcset=\"https:\/\/www.tibum.pl\/shop\/wp-content\/uploads\/qY5BzP_l-1075x747.jpg 1075w, https:\/\/www.tibum.pl\/shop\/wp-content\/uploads\/qY5BzP_l-1613x1121.jpg 1613w\" loading=\"eager\" style=\"--ratio: 1075 \/ 747\" sizes=\"(max-width: 1075px) 100vw, 1075px\" alt=\"\" width=\"1075\" height=\"747\"  \/><span class=\"gallery-rollover\"><span class=\"gallery-zoom-ico icomoon-the7-font-the7-zoom-06\"><span><\/span><\/span><\/span><\/a><\/article><article class=\"post visible post-11447 attachment type-attachment status-inherit hentry\"><a href=\"https:\/\/www.tibum.pl\/shop\/wp-content\/uploads\/22089134_1517211721681617_5896599952958455277_n.jpg\" class=\"rollover-click-target rollover dt-pswp-item layzr-bg\" title=\"Spektakl dzieci\u0119cy\" data-dt-img-description=\"Ka\u017cdy mo\u017ce sta\u0107 si\u0119 tw\u00f3rc\u0105\"  data-large_image_width=\"960\" data-large_image_height = \"640\" ><img decoding=\"async\" class=\"preload-me owl-lazy-load aspect\" src=\"data:image\/svg+xml,%3Csvg%20xmlns%3D&#39;http%3A%2F%2Fwww.w3.org%2F2000%2Fsvg&#39;%20viewBox%3D&#39;0%200%20960%20640&#39;%2F%3E\" data-src=\"https:\/\/www.tibum.pl\/shop\/wp-content\/uploads\/22089134_1517211721681617_5896599952958455277_n.jpg\" data-srcset=\"https:\/\/www.tibum.pl\/shop\/wp-content\/uploads\/22089134_1517211721681617_5896599952958455277_n.jpg 960w\" loading=\"eager\" style=\"--ratio: 960 \/ 640\" sizes=\"(max-width: 960px) 100vw, 960px\" alt=\"\" width=\"960\" height=\"640\"  \/><span class=\"gallery-rollover\"><span class=\"gallery-zoom-ico icomoon-the7-font-the7-zoom-06\"><span><\/span><\/span><\/span><\/a><\/article><article class=\"post visible post-23217 attachment type-attachment status-inherit hentry\"><a href=\"https:\/\/www.tibum.pl\/shop\/wp-content\/uploads\/vb9A0bAF.jpg\" class=\"rollover-click-target rollover dt-pswp-item layzr-bg\" title=\"vb9A0bAF\" data-dt-img-description=\"\"  data-large_image_width=\"2389\" data-large_image_height = \"1659\" ><img decoding=\"async\" class=\"preload-me owl-lazy-load aspect\" src=\"data:image\/svg+xml,%3Csvg%20xmlns%3D&#39;http%3A%2F%2Fwww.w3.org%2F2000%2Fsvg&#39;%20viewBox%3D&#39;0%200%201075%20747&#39;%2F%3E\" data-src=\"https:\/\/www.tibum.pl\/shop\/wp-content\/uploads\/vb9A0bAF-1075x747.jpg\" data-srcset=\"https:\/\/www.tibum.pl\/shop\/wp-content\/uploads\/vb9A0bAF-1075x747.jpg 1075w, https:\/\/www.tibum.pl\/shop\/wp-content\/uploads\/vb9A0bAF-1613x1121.jpg 1613w\" loading=\"eager\" style=\"--ratio: 1075 \/ 747\" sizes=\"(max-width: 1075px) 100vw, 1075px\" alt=\"\" width=\"1075\" height=\"747\"  \/><span class=\"gallery-rollover\"><span class=\"gallery-zoom-ico icomoon-the7-font-the7-zoom-06\"><span><\/span><\/span><\/span><\/a><\/article><article class=\"post visible post-10452 attachment type-attachment status-inherit hentry\"><a href=\"https:\/\/www.tibum.pl\/shop\/wp-content\/uploads\/P_20170930_130521_1_p-2.jpg\" class=\"rollover-click-target rollover dt-pswp-item layzr-bg\" title=\"\u0141\u00f3d\u017a nauczyciele\" data-dt-img-description=\"\u0141\u00f3d\u017a nauczyciele na szkoleniu kamishibai\"  data-large_image_width=\"1820\" data-large_image_height = \"1024\" ><img decoding=\"async\" class=\"preload-me owl-lazy-load aspect\" src=\"data:image\/svg+xml,%3Csvg%20xmlns%3D&#39;http%3A%2F%2Fwww.w3.org%2F2000%2Fsvg&#39;%20viewBox%3D&#39;0%200%201075%20605&#39;%2F%3E\" data-src=\"https:\/\/www.tibum.pl\/shop\/wp-content\/uploads\/P_20170930_130521_1_p-2-1075x605.jpg\" data-srcset=\"https:\/\/www.tibum.pl\/shop\/wp-content\/uploads\/P_20170930_130521_1_p-2-1075x605.jpg 1075w, https:\/\/www.tibum.pl\/shop\/wp-content\/uploads\/P_20170930_130521_1_p-2-1613x908.jpg 1613w\" loading=\"eager\" style=\"--ratio: 1075 \/ 605\" sizes=\"(max-width: 1075px) 100vw, 1075px\" alt=\"\" width=\"1075\" height=\"605\"  \/><span class=\"gallery-rollover\"><span class=\"gallery-zoom-ico icomoon-the7-font-the7-zoom-06\"><span><\/span><\/span><\/span><\/a><\/article><article class=\"post visible post-10327 attachment type-attachment status-inherit hentry\"><a href=\"https:\/\/www.tibum.pl\/shop\/wp-content\/uploads\/IMG_4126-2.jpg\" class=\"rollover-click-target rollover dt-pswp-item layzr-bg\" title=\"Arteteka Krak\u00f3w\" data-dt-img-description=\"warsztaty w Artetece\"  data-large_image_width=\"1822\" data-large_image_height = \"1024\" ><img decoding=\"async\" class=\"preload-me owl-lazy-load aspect\" src=\"data:image\/svg+xml,%3Csvg%20xmlns%3D&#39;http%3A%2F%2Fwww.w3.org%2F2000%2Fsvg&#39;%20viewBox%3D&#39;0%200%201075%20604&#39;%2F%3E\" data-src=\"https:\/\/www.tibum.pl\/shop\/wp-content\/uploads\/IMG_4126-2-1075x604.jpg\" data-srcset=\"https:\/\/www.tibum.pl\/shop\/wp-content\/uploads\/IMG_4126-2-1075x604.jpg 1075w, https:\/\/www.tibum.pl\/shop\/wp-content\/uploads\/IMG_4126-2-1613x906.jpg 1613w\" loading=\"eager\" style=\"--ratio: 1075 \/ 604\" sizes=\"(max-width: 1075px) 100vw, 1075px\" alt=\"arteteteka_krak\u00f3w\" width=\"1075\" height=\"604\"  \/><span class=\"gallery-rollover\"><span class=\"gallery-zoom-ico icomoon-the7-font-the7-zoom-06\"><span><\/span><\/span><\/span><\/a><\/article><\/div>[\/vc_column][\/vc_row]<\/p>\n<\/div>","protected":false},"excerpt":{"rendered":"<p>[vc_row][vc_column][vc_column_text] Jedyne teatrzyki bukowe na polskim rynku! Jeste\u015bmy tw\u00f3rcami pierwszych polskich, drewnianych teatrzyk\u00f3w kamishibai (butai). Nasze teatrzyki wykonane s\u0105 r\u0119cznie, z wysokiej klasy materia\u0142\u00f3w &#8211; drewna bukowego i sklejki, malowane lakieram z atestem dla zabawek. Wybierz teatrzyk drewniany kamishibai tradycyjny, wykonany na wz\u00f3r japo\u0144skiego teatrzyku kamishibai w formacie A3. Je\u015bli chcesz wiedzie\u0107 dlaczego nasze teatrzyki&hellip;<\/p>\n","protected":false},"author":19,"featured_media":6991,"parent":0,"menu_order":0,"comment_status":"closed","ping_status":"closed","template":"","meta":{"footnotes":""},"class_list":["post-11747","page","type-page","status-publish","has-post-thumbnail","hentry","description-off"],"yoast_head":"<!-- This site is optimized with the Yoast SEO plugin v27.3 - https:\/\/yoast.com\/product\/yoast-seo-wordpress\/ -->\n<title>Teatrzyki kamishibai - Tibum Wydawnictwo Kamishibai - Papierowy Teatr<\/title>\n<meta name=\"robots\" content=\"index, follow, max-snippet:-1, max-image-preview:large, max-video-preview:-1\" \/>\n<link rel=\"canonical\" href=\"https:\/\/www.tibum.pl\/shop\/teatrzyki-kamishibai\" \/>\n<meta property=\"og:locale\" content=\"pl_PL\" \/>\n<meta property=\"og:type\" content=\"article\" \/>\n<meta property=\"og:title\" content=\"Teatrzyki kamishibai - Tibum Wydawnictwo Kamishibai - Papierowy Teatr\" \/>\n<meta property=\"og:description\" content=\"[vc_row][vc_column][vc_column_text] Jedyne teatrzyki bukowe na polskim rynku! Jeste\u015bmy tw\u00f3rcami pierwszych polskich, drewnianych teatrzyk\u00f3w kamishibai (butai). Nasze teatrzyki wykonane s\u0105 r\u0119cznie, z wysokiej klasy materia\u0142\u00f3w &#8211; drewna bukowego i sklejki, malowane lakieram z atestem dla zabawek. Wybierz teatrzyk drewniany kamishibai tradycyjny, wykonany na wz\u00f3r japo\u0144skiego teatrzyku kamishibai w formacie A3. Je\u015bli chcesz wiedzie\u0107 dlaczego nasze teatrzyki&hellip;\" \/>\n<meta property=\"og:url\" content=\"https:\/\/www.tibum.pl\/shop\/teatrzyki-kamishibai\" \/>\n<meta property=\"og:site_name\" content=\"Tibum Wydawnictwo Kamishibai - Papierowy Teatr\" \/>\n<meta property=\"article:publisher\" content=\"https:\/\/www.facebook.com\/PapierowyTeatr\" \/>\n<meta property=\"article:modified_time\" content=\"2024-04-18T12:14:56+00:00\" \/>\n<meta property=\"og:image\" content=\"https:\/\/www.tibum.pl\/shop\/wp-content\/uploads\/tibum_kamishibai_parawan_slider1.png\" \/>\n\t<meta property=\"og:image:width\" content=\"665\" \/>\n\t<meta property=\"og:image:height\" content=\"499\" \/>\n\t<meta property=\"og:image:type\" content=\"image\/png\" \/>\n<meta name=\"twitter:card\" content=\"summary_large_image\" \/>\n<meta name=\"twitter:label1\" content=\"Szacowany czas czytania\" \/>\n\t<meta name=\"twitter:data1\" content=\"1 minuta\" \/>\n<script type=\"application\/ld+json\" class=\"yoast-schema-graph\">{\"@context\":\"https:\\\/\\\/schema.org\",\"@graph\":[{\"@type\":\"WebPage\",\"@id\":\"https:\\\/\\\/www.tibum.pl\\\/shop\\\/teatrzyki-kamishibai\",\"url\":\"https:\\\/\\\/www.tibum.pl\\\/shop\\\/teatrzyki-kamishibai\",\"name\":\"Teatrzyki kamishibai - Tibum Wydawnictwo Kamishibai - Papierowy Teatr\",\"isPartOf\":{\"@id\":\"https:\\\/\\\/www.tibum.pl\\\/shop\\\/#website\"},\"primaryImageOfPage\":{\"@id\":\"https:\\\/\\\/www.tibum.pl\\\/shop\\\/teatrzyki-kamishibai#primaryimage\"},\"image\":{\"@id\":\"https:\\\/\\\/www.tibum.pl\\\/shop\\\/teatrzyki-kamishibai#primaryimage\"},\"thumbnailUrl\":\"https:\\\/\\\/www.tibum.pl\\\/shop\\\/wp-content\\\/uploads\\\/tibum_kamishibai_parawan_slider1.png\",\"datePublished\":\"2018-03-13T18:04:15+00:00\",\"dateModified\":\"2024-04-18T12:14:56+00:00\",\"breadcrumb\":{\"@id\":\"https:\\\/\\\/www.tibum.pl\\\/shop\\\/teatrzyki-kamishibai#breadcrumb\"},\"inLanguage\":\"pl-PL\",\"potentialAction\":[{\"@type\":\"ReadAction\",\"target\":[\"https:\\\/\\\/www.tibum.pl\\\/shop\\\/teatrzyki-kamishibai\"]}]},{\"@type\":\"ImageObject\",\"inLanguage\":\"pl-PL\",\"@id\":\"https:\\\/\\\/www.tibum.pl\\\/shop\\\/teatrzyki-kamishibai#primaryimage\",\"url\":\"https:\\\/\\\/www.tibum.pl\\\/shop\\\/wp-content\\\/uploads\\\/tibum_kamishibai_parawan_slider1.png\",\"contentUrl\":\"https:\\\/\\\/www.tibum.pl\\\/shop\\\/wp-content\\\/uploads\\\/tibum_kamishibai_parawan_slider1.png\",\"width\":665,\"height\":499,\"caption\":\"Jolanta Stanisz\"},{\"@type\":\"BreadcrumbList\",\"@id\":\"https:\\\/\\\/www.tibum.pl\\\/shop\\\/teatrzyki-kamishibai#breadcrumb\",\"itemListElement\":[{\"@type\":\"ListItem\",\"position\":1,\"name\":\"Home\",\"item\":\"https:\\\/\\\/www.tibum.pl\\\/shop\\\/\"},{\"@type\":\"ListItem\",\"position\":2,\"name\":\"Teatrzyki kamishibai\"}]},{\"@type\":\"WebSite\",\"@id\":\"https:\\\/\\\/www.tibum.pl\\\/shop\\\/#website\",\"url\":\"https:\\\/\\\/www.tibum.pl\\\/shop\\\/\",\"name\":\"Tibum Wydawnictwo Kamishibai - Papierowy Teatr\",\"description\":\"wydawca ksi\u0105\u017cek i bajek obrazkowych kamishibai\",\"potentialAction\":[{\"@type\":\"SearchAction\",\"target\":{\"@type\":\"EntryPoint\",\"urlTemplate\":\"https:\\\/\\\/www.tibum.pl\\\/shop\\\/?s={search_term_string}\"},\"query-input\":{\"@type\":\"PropertyValueSpecification\",\"valueRequired\":true,\"valueName\":\"search_term_string\"}}],\"inLanguage\":\"pl-PL\"}]}<\/script>\n<!-- \/ Yoast SEO plugin. -->","yoast_head_json":{"title":"Teatrzyki kamishibai - Tibum Wydawnictwo Kamishibai - Papierowy Teatr","robots":{"index":"index","follow":"follow","max-snippet":"max-snippet:-1","max-image-preview":"max-image-preview:large","max-video-preview":"max-video-preview:-1"},"canonical":"https:\/\/www.tibum.pl\/shop\/teatrzyki-kamishibai","og_locale":"pl_PL","og_type":"article","og_title":"Teatrzyki kamishibai - Tibum Wydawnictwo Kamishibai - Papierowy Teatr","og_description":"[vc_row][vc_column][vc_column_text] Jedyne teatrzyki bukowe na polskim rynku! Jeste\u015bmy tw\u00f3rcami pierwszych polskich, drewnianych teatrzyk\u00f3w kamishibai (butai). Nasze teatrzyki wykonane s\u0105 r\u0119cznie, z wysokiej klasy materia\u0142\u00f3w &#8211; drewna bukowego i sklejki, malowane lakieram z atestem dla zabawek. Wybierz teatrzyk drewniany kamishibai tradycyjny, wykonany na wz\u00f3r japo\u0144skiego teatrzyku kamishibai w formacie A3. Je\u015bli chcesz wiedzie\u0107 dlaczego nasze teatrzyki&hellip;","og_url":"https:\/\/www.tibum.pl\/shop\/teatrzyki-kamishibai","og_site_name":"Tibum Wydawnictwo Kamishibai - Papierowy Teatr","article_publisher":"https:\/\/www.facebook.com\/PapierowyTeatr","article_modified_time":"2024-04-18T12:14:56+00:00","og_image":[{"width":665,"height":499,"url":"https:\/\/www.tibum.pl\/shop\/wp-content\/uploads\/tibum_kamishibai_parawan_slider1.png","type":"image\/png"}],"twitter_card":"summary_large_image","twitter_misc":{"Szacowany czas czytania":"1 minuta"},"schema":{"@context":"https:\/\/schema.org","@graph":[{"@type":"WebPage","@id":"https:\/\/www.tibum.pl\/shop\/teatrzyki-kamishibai","url":"https:\/\/www.tibum.pl\/shop\/teatrzyki-kamishibai","name":"Teatrzyki kamishibai - Tibum Wydawnictwo Kamishibai - Papierowy Teatr","isPartOf":{"@id":"https:\/\/www.tibum.pl\/shop\/#website"},"primaryImageOfPage":{"@id":"https:\/\/www.tibum.pl\/shop\/teatrzyki-kamishibai#primaryimage"},"image":{"@id":"https:\/\/www.tibum.pl\/shop\/teatrzyki-kamishibai#primaryimage"},"thumbnailUrl":"https:\/\/www.tibum.pl\/shop\/wp-content\/uploads\/tibum_kamishibai_parawan_slider1.png","datePublished":"2018-03-13T18:04:15+00:00","dateModified":"2024-04-18T12:14:56+00:00","breadcrumb":{"@id":"https:\/\/www.tibum.pl\/shop\/teatrzyki-kamishibai#breadcrumb"},"inLanguage":"pl-PL","potentialAction":[{"@type":"ReadAction","target":["https:\/\/www.tibum.pl\/shop\/teatrzyki-kamishibai"]}]},{"@type":"ImageObject","inLanguage":"pl-PL","@id":"https:\/\/www.tibum.pl\/shop\/teatrzyki-kamishibai#primaryimage","url":"https:\/\/www.tibum.pl\/shop\/wp-content\/uploads\/tibum_kamishibai_parawan_slider1.png","contentUrl":"https:\/\/www.tibum.pl\/shop\/wp-content\/uploads\/tibum_kamishibai_parawan_slider1.png","width":665,"height":499,"caption":"Jolanta Stanisz"},{"@type":"BreadcrumbList","@id":"https:\/\/www.tibum.pl\/shop\/teatrzyki-kamishibai#breadcrumb","itemListElement":[{"@type":"ListItem","position":1,"name":"Home","item":"https:\/\/www.tibum.pl\/shop\/"},{"@type":"ListItem","position":2,"name":"Teatrzyki kamishibai"}]},{"@type":"WebSite","@id":"https:\/\/www.tibum.pl\/shop\/#website","url":"https:\/\/www.tibum.pl\/shop\/","name":"Tibum Wydawnictwo Kamishibai - Papierowy Teatr","description":"wydawca ksi\u0105\u017cek i bajek obrazkowych kamishibai","potentialAction":[{"@type":"SearchAction","target":{"@type":"EntryPoint","urlTemplate":"https:\/\/www.tibum.pl\/shop\/?s={search_term_string}"},"query-input":{"@type":"PropertyValueSpecification","valueRequired":true,"valueName":"search_term_string"}}],"inLanguage":"pl-PL"}]}},"_links":{"self":[{"href":"https:\/\/www.tibum.pl\/shop\/wp-json\/wp\/v2\/pages\/11747","targetHints":{"allow":["GET"]}}],"collection":[{"href":"https:\/\/www.tibum.pl\/shop\/wp-json\/wp\/v2\/pages"}],"about":[{"href":"https:\/\/www.tibum.pl\/shop\/wp-json\/wp\/v2\/types\/page"}],"author":[{"embeddable":true,"href":"https:\/\/www.tibum.pl\/shop\/wp-json\/wp\/v2\/users\/19"}],"replies":[{"embeddable":true,"href":"https:\/\/www.tibum.pl\/shop\/wp-json\/wp\/v2\/comments?post=11747"}],"version-history":[{"count":0,"href":"https:\/\/www.tibum.pl\/shop\/wp-json\/wp\/v2\/pages\/11747\/revisions"}],"wp:featuredmedia":[{"embeddable":true,"href":"https:\/\/www.tibum.pl\/shop\/wp-json\/wp\/v2\/media\/6991"}],"wp:attachment":[{"href":"https:\/\/www.tibum.pl\/shop\/wp-json\/wp\/v2\/media?parent=11747"}],"curies":[{"name":"wp","href":"https:\/\/api.w.org\/{rel}","templated":true}]}}