{"id":22585,"date":"2024-03-14T13:19:03","date_gmt":"2024-03-14T12:19:03","guid":{"rendered":"https:\/\/www.tibum.pl\/shop\/?page_id=22585"},"modified":"2024-03-14T13:21:21","modified_gmt":"2024-03-14T12:21:21","slug":"polityka-plikow-cookie","status":"publish","type":"page","link":"https:\/\/www.tibum.pl\/shop\/polityka-plikow-cookie","title":{"rendered":"Polityka plik\u00f3w Cookie"},"content":{"rendered":"<div class=\"wpb-content-wrapper\"><p>[vc_row][vc_column][vc_column_text]Data wej\u015bcia w \u017cycie: 10 marzec 2023 r<br \/>\nOstatnia aktualizacja: 14 marzec 2024 r.<\/p>\n<p>&nbsp;<\/p>\n<h3>Co to s\u0105 pliki cookie?<\/h3>\n<p>Niniejsza Polityka plik\u00f3w cookie wyja\u015bnia, czym s\u0105 pliki cookie i jak ich u\u017cywamy, jakie rodzaje plik\u00f3w cookie wykorzystujemy, tj. jakie informacje zbieramy za pomoc\u0105 plik\u00f3w cookie i jak te informacje s\u0105 wykorzystywane oraz jak zarz\u0105dza\u0107 ustawieniami plik\u00f3w cookie.<\/p>\n<p>Pliki cookie to ma\u0142e pliki tekstowe, kt\u00f3re s\u0142u\u017c\u0105 do przechowywania niewielkich porcji informacji.\u00a0S\u0105 one przechowywane na Twoim urz\u0105dzeniu, gdy strona jest \u0142adowana w Twojej przegl\u0105darce.\u00a0Te pliki cookie pomagaj\u0105 nam w prawid\u0142owym funkcjonowaniu strony internetowej, zwi\u0119kszeniu jej bezpiecze\u0144stwa, zapewnieniu lepszego do\u015bwiadczenia u\u017cytkownika oraz zrozumieniu, w jaki spos\u00f3b strona internetowa dzia\u0142a, a tak\u017ce przeanalizowaniu, co dzia\u0142a i gdzie wymaga poprawy.<\/p>\n<p>&nbsp;<\/p>\n<h3>Jak u\u017cywamy plik\u00f3w cookie?<\/h3>\n<p>Podobnie jak wi\u0119kszo\u015b\u0107 us\u0142ug online, Nasza strona internetowa wykorzystuje pliki cookie pierwszej i trzeciej strony w kilku celach. W\u0142asne pliki cookie s\u0105 w wi\u0119kszo\u015bci niezb\u0119dne do prawid\u0142owego funkcjonowania witryny i nie gromadz\u0105 \u017cadnych danych osobowych u\u017cytkownika.<\/p>\n<p>Pliki cookie stron trzecich u\u017cywane w naszej witrynie internetowej s\u0142u\u017c\u0105 g\u0142\u00f3wnie zrozumieniu, jak dzia\u0142a witryna internetowa, w jaki spos\u00f3b wchodzisz w interakcj\u0119 z nasz\u0105 witryn\u0105 internetow\u0105, zapewnianiu bezpiecze\u0144stwa naszych us\u0142ug, dostarczaniu reklam, kt\u00f3re s\u0105 dla Ciebie odpowiednie, a w sumie zapewnianiu lepszego i ulepszonego u\u017cytkownika do\u015bwiadczenie i pom\u00f3c przyspieszy\u0107 przysz\u0142e interakcje z nasz\u0105 witryn\u0105.<\/p>\n<p>&nbsp;<\/p>\n<h3>Rodzaje u\u017cywanych przeze Nas plik\u00f3w cookie<\/h3>\n<div class=\"cky-audit-table-element\"><\/div>\n<p>&nbsp;<\/p>\n<h3><\/h3>\n<h3>Zarz\u0105dzaj preferencjami plik\u00f3w cookie<\/h3>\n<p><a class=\"cky-banner-element\">Ustawienia plik\u00f3w Cookie<\/a><\/p>\n<p>W ka\u017cdej chwili mo\u017cesz zmieni\u0107 preferencje dotycz\u0105ce plik\u00f3w cookie, klikaj\u0105c powy\u017cszy przycisk.\u00a0Umo\u017cliwi to ponowne odwiedzenie banera zgody na pliki cookie i zmian\u0119 preferencji lub natychmiastowe wycofanie zgody.<\/p>\n<p>Opr\u00f3cz tego r\u00f3\u017cne przegl\u0105darki zapewniaj\u0105 r\u00f3\u017cne metody blokowania i usuwania plik\u00f3w cookie u\u017cywanych przez strony internetowe.\u00a0Mo\u017cesz zmieni\u0107 ustawienia swojej przegl\u0105darki, aby zablokowa\u0107\/usun\u0105\u0107 pliki cookies.\u00a0Poni\u017cej wymieniono \u0142\u0105cza do dokument\u00f3w pomocniczych dotycz\u0105cych zarz\u0105dzania i usuwania plik\u00f3w cookie z g\u0142\u00f3wnych przegl\u0105darek internetowych.<\/p>\n<p>Chrome:\u00a0<a href=\"https:\/\/support.google.com\/accounts\/answer\/32050\" target=\"_blank\" rel=\"noopener\">https:\/\/support.google.com\/accounts\/answer\/32050<\/a><\/p>\n<p>Safari:\u00a0<a href=\"https:\/\/support.apple.com\/en-in\/guide\/safari\/sfri11471\/mac\" target=\"_blank\" rel=\"noopener\">https:\/\/support.apple.com\/en-in\/guide\/safari\/sfri11471\/mac<\/a><\/p>\n<p>Firefox:\u00a0<a href=\"https:\/\/support.mozilla.org\/en-US\/kb\/clear-cookies-and-site-data-firefox?redirectslug=delete-cookies-remove-info-websites-stored&amp;redirectlocale=en-US\" target=\"_blank\" rel=\"noopener\">https:\/\/support.mozilla.org\/en-US\/kb\/clear-cookies-and-site-data-firefox?redirectslug=delete-cookies-remove-info-websites-stored&amp;redirectlocale=en-US<\/a><\/p>\n<p>Internet Explorer:\u00a0<a href=\"https:\/\/support.microsoft.com\/en-us\/topic\/how-to-delete-cookie-files-in-internet-explorer-bca9446f-d873-78de-77ba-d42645fa52fc\" target=\"_blank\" rel=\"noopener\">https:\/\/support.microsoft.com\/en-us\/topic\/how-to-delete-cookie-files-in-internet-explorer-bca9446f-d873-78de-77ba-d42645fa52fc<\/a><\/p>\n<p>Je\u015bli u\u017cywasz innej przegl\u0105darki internetowej, odwied\u017a oficjalne dokumenty wsparcia swojej przegl\u0105darki.[\/vc_column_text][\/vc_column][\/vc_row]<\/p>\n<\/div>","protected":false},"excerpt":{"rendered":"<p>[vc_row][vc_column][vc_column_text]Data wej\u015bcia w \u017cycie: 10 marzec 2023 r Ostatnia aktualizacja: 14 marzec 2024 r. &nbsp; Co to s\u0105 pliki cookie? Niniejsza Polityka plik\u00f3w cookie wyja\u015bnia, czym s\u0105 pliki cookie i jak ich u\u017cywamy, jakie rodzaje plik\u00f3w cookie wykorzystujemy, tj. jakie informacje zbieramy za pomoc\u0105 plik\u00f3w cookie i jak te informacje s\u0105 wykorzystywane oraz jak zarz\u0105dza\u0107&hellip;<\/p>\n","protected":false},"author":1606,"featured_media":0,"parent":0,"menu_order":0,"comment_status":"closed","ping_status":"closed","template":"","meta":{"footnotes":""},"class_list":["post-22585","page","type-page","status-publish","hentry","description-off"],"yoast_head":"<!-- This site is optimized with the Yoast SEO plugin v27.3 - https:\/\/yoast.com\/product\/yoast-seo-wordpress\/ -->\n<title>Polityka plik\u00f3w Cookie - Tibum Wydawnictwo Kamishibai - Papierowy Teatr<\/title>\n<meta name=\"robots\" content=\"index, follow, max-snippet:-1, max-image-preview:large, max-video-preview:-1\" \/>\n<link rel=\"canonical\" href=\"https:\/\/www.tibum.pl\/shop\/polityka-plikow-cookie\" \/>\n<meta property=\"og:locale\" content=\"pl_PL\" \/>\n<meta property=\"og:type\" content=\"article\" \/>\n<meta property=\"og:title\" content=\"Polityka plik\u00f3w Cookie - Tibum Wydawnictwo Kamishibai - Papierowy Teatr\" \/>\n<meta property=\"og:description\" content=\"[vc_row][vc_column][vc_column_text]Data wej\u015bcia w \u017cycie: 10 marzec 2023 r Ostatnia aktualizacja: 14 marzec 2024 r. &nbsp; Co to s\u0105 pliki cookie? Niniejsza Polityka plik\u00f3w cookie wyja\u015bnia, czym s\u0105 pliki cookie i jak ich u\u017cywamy, jakie rodzaje plik\u00f3w cookie wykorzystujemy, tj. jakie informacje zbieramy za pomoc\u0105 plik\u00f3w cookie i jak te informacje s\u0105 wykorzystywane oraz jak zarz\u0105dza\u0107&hellip;\" \/>\n<meta property=\"og:url\" content=\"https:\/\/www.tibum.pl\/shop\/polityka-plikow-cookie\" \/>\n<meta property=\"og:site_name\" content=\"Tibum Wydawnictwo Kamishibai - Papierowy Teatr\" \/>\n<meta property=\"article:publisher\" content=\"https:\/\/www.facebook.com\/PapierowyTeatr\" \/>\n<meta property=\"article:modified_time\" content=\"2024-03-14T12:21:21+00:00\" \/>\n<meta name=\"twitter:card\" content=\"summary_large_image\" \/>\n<meta name=\"twitter:label1\" content=\"Szacowany czas czytania\" \/>\n\t<meta name=\"twitter:data1\" content=\"2 minuty\" \/>\n<script type=\"application\/ld+json\" class=\"yoast-schema-graph\">{\"@context\":\"https:\\\/\\\/schema.org\",\"@graph\":[{\"@type\":\"WebPage\",\"@id\":\"https:\\\/\\\/www.tibum.pl\\\/shop\\\/polityka-plikow-cookie\",\"url\":\"https:\\\/\\\/www.tibum.pl\\\/shop\\\/polityka-plikow-cookie\",\"name\":\"Polityka plik\u00f3w Cookie - Tibum Wydawnictwo Kamishibai - Papierowy Teatr\",\"isPartOf\":{\"@id\":\"https:\\\/\\\/www.tibum.pl\\\/shop\\\/#website\"},\"datePublished\":\"2024-03-14T12:19:03+00:00\",\"dateModified\":\"2024-03-14T12:21:21+00:00\",\"breadcrumb\":{\"@id\":\"https:\\\/\\\/www.tibum.pl\\\/shop\\\/polityka-plikow-cookie#breadcrumb\"},\"inLanguage\":\"pl-PL\",\"potentialAction\":[{\"@type\":\"ReadAction\",\"target\":[\"https:\\\/\\\/www.tibum.pl\\\/shop\\\/polityka-plikow-cookie\"]}]},{\"@type\":\"BreadcrumbList\",\"@id\":\"https:\\\/\\\/www.tibum.pl\\\/shop\\\/polityka-plikow-cookie#breadcrumb\",\"itemListElement\":[{\"@type\":\"ListItem\",\"position\":1,\"name\":\"Home\",\"item\":\"https:\\\/\\\/www.tibum.pl\\\/shop\\\/\"},{\"@type\":\"ListItem\",\"position\":2,\"name\":\"Polityka plik\u00f3w Cookie\"}]},{\"@type\":\"WebSite\",\"@id\":\"https:\\\/\\\/www.tibum.pl\\\/shop\\\/#website\",\"url\":\"https:\\\/\\\/www.tibum.pl\\\/shop\\\/\",\"name\":\"Tibum Wydawnictwo Kamishibai - Papierowy Teatr\",\"description\":\"wydawca ksi\u0105\u017cek i bajek obrazkowych kamishibai\",\"potentialAction\":[{\"@type\":\"SearchAction\",\"target\":{\"@type\":\"EntryPoint\",\"urlTemplate\":\"https:\\\/\\\/www.tibum.pl\\\/shop\\\/?s={search_term_string}\"},\"query-input\":{\"@type\":\"PropertyValueSpecification\",\"valueRequired\":true,\"valueName\":\"search_term_string\"}}],\"inLanguage\":\"pl-PL\"}]}<\/script>\n<!-- \/ Yoast SEO plugin. -->","yoast_head_json":{"title":"Polityka plik\u00f3w Cookie - Tibum Wydawnictwo Kamishibai - Papierowy Teatr","robots":{"index":"index","follow":"follow","max-snippet":"max-snippet:-1","max-image-preview":"max-image-preview:large","max-video-preview":"max-video-preview:-1"},"canonical":"https:\/\/www.tibum.pl\/shop\/polityka-plikow-cookie","og_locale":"pl_PL","og_type":"article","og_title":"Polityka plik\u00f3w Cookie - Tibum Wydawnictwo Kamishibai - Papierowy Teatr","og_description":"[vc_row][vc_column][vc_column_text]Data wej\u015bcia w \u017cycie: 10 marzec 2023 r Ostatnia aktualizacja: 14 marzec 2024 r. &nbsp; Co to s\u0105 pliki cookie? Niniejsza Polityka plik\u00f3w cookie wyja\u015bnia, czym s\u0105 pliki cookie i jak ich u\u017cywamy, jakie rodzaje plik\u00f3w cookie wykorzystujemy, tj. jakie informacje zbieramy za pomoc\u0105 plik\u00f3w cookie i jak te informacje s\u0105 wykorzystywane oraz jak zarz\u0105dza\u0107&hellip;","og_url":"https:\/\/www.tibum.pl\/shop\/polityka-plikow-cookie","og_site_name":"Tibum Wydawnictwo Kamishibai - Papierowy Teatr","article_publisher":"https:\/\/www.facebook.com\/PapierowyTeatr","article_modified_time":"2024-03-14T12:21:21+00:00","twitter_card":"summary_large_image","twitter_misc":{"Szacowany czas czytania":"2 minuty"},"schema":{"@context":"https:\/\/schema.org","@graph":[{"@type":"WebPage","@id":"https:\/\/www.tibum.pl\/shop\/polityka-plikow-cookie","url":"https:\/\/www.tibum.pl\/shop\/polityka-plikow-cookie","name":"Polityka plik\u00f3w Cookie - Tibum Wydawnictwo Kamishibai - Papierowy Teatr","isPartOf":{"@id":"https:\/\/www.tibum.pl\/shop\/#website"},"datePublished":"2024-03-14T12:19:03+00:00","dateModified":"2024-03-14T12:21:21+00:00","breadcrumb":{"@id":"https:\/\/www.tibum.pl\/shop\/polityka-plikow-cookie#breadcrumb"},"inLanguage":"pl-PL","potentialAction":[{"@type":"ReadAction","target":["https:\/\/www.tibum.pl\/shop\/polityka-plikow-cookie"]}]},{"@type":"BreadcrumbList","@id":"https:\/\/www.tibum.pl\/shop\/polityka-plikow-cookie#breadcrumb","itemListElement":[{"@type":"ListItem","position":1,"name":"Home","item":"https:\/\/www.tibum.pl\/shop\/"},{"@type":"ListItem","position":2,"name":"Polityka plik\u00f3w Cookie"}]},{"@type":"WebSite","@id":"https:\/\/www.tibum.pl\/shop\/#website","url":"https:\/\/www.tibum.pl\/shop\/","name":"Tibum Wydawnictwo Kamishibai - Papierowy Teatr","description":"wydawca ksi\u0105\u017cek i bajek obrazkowych kamishibai","potentialAction":[{"@type":"SearchAction","target":{"@type":"EntryPoint","urlTemplate":"https:\/\/www.tibum.pl\/shop\/?s={search_term_string}"},"query-input":{"@type":"PropertyValueSpecification","valueRequired":true,"valueName":"search_term_string"}}],"inLanguage":"pl-PL"}]}},"_links":{"self":[{"href":"https:\/\/www.tibum.pl\/shop\/wp-json\/wp\/v2\/pages\/22585","targetHints":{"allow":["GET"]}}],"collection":[{"href":"https:\/\/www.tibum.pl\/shop\/wp-json\/wp\/v2\/pages"}],"about":[{"href":"https:\/\/www.tibum.pl\/shop\/wp-json\/wp\/v2\/types\/page"}],"author":[{"embeddable":true,"href":"https:\/\/www.tibum.pl\/shop\/wp-json\/wp\/v2\/users\/1606"}],"replies":[{"embeddable":true,"href":"https:\/\/www.tibum.pl\/shop\/wp-json\/wp\/v2\/comments?post=22585"}],"version-history":[{"count":0,"href":"https:\/\/www.tibum.pl\/shop\/wp-json\/wp\/v2\/pages\/22585\/revisions"}],"wp:attachment":[{"href":"https:\/\/www.tibum.pl\/shop\/wp-json\/wp\/v2\/media?parent=22585"}],"curies":[{"name":"wp","href":"https:\/\/api.w.org\/{rel}","templated":true}]}}