{"id":6708,"date":"2017-03-25T13:47:51","date_gmt":"2017-03-25T12:47:51","guid":{"rendered":"http:\/\/www.tibum.pl\/shop\/?page_id=6708"},"modified":"2025-01-15T10:18:18","modified_gmt":"2025-01-15T09:18:18","slug":"wydawnictwo","status":"publish","type":"page","link":"https:\/\/www.tibum.pl\/shop\/wydawnictwo","title":{"rendered":"Wydawnictwo"},"content":{"rendered":"<div class=\"wpb-content-wrapper\"><p>[vc_row][vc_column][vc_column_text]<\/p>\n<h3>PASJA, JAKO\u015a\u0106, WIEDZA<\/h3>\n<p>[\/vc_column_text][vc_column_text]<\/p>\n<p>Wydawnictwo Tibum powsta\u0142o w 2012 roku.<\/p>\n<p><strong>Jako pierwsi w Polsce rozpocz\u0119li\u015bmy wydawanie oryginalnych, stworzonych zgodnie z ide\u0105 kamishibai <a href=\"http:\/\/www.tibum.pl\/shop\/kategoria-produktu\/kamishibai\/publikacja\/ksiazka\">ksi\u0105\u017cek w formie ilustrowanych kart narracyjnych kamishibai.<\/a><\/strong>[\/vc_column_text][vc_empty_space height=&#8221;20px&#8221;][vc_single_image image=&#8221;10655&#8243; img_size=&#8221;medium&#8221; style=&#8221;vc_box_rounded&#8221;][vc_empty_space height=&#8221;20px&#8221;][vc_column_text]<strong>Naszym g\u0142\u00f3wnym celem jest propagowanie idei kamishibai, wyj\u0105tkowej sztuki Papierowego Teatru \u2013 sztuki opowiadania, czytania i wsp\u00f3\u0142uczestnictwa.<\/strong><\/p>\n<ul>\n<li>Pokazali\u015bmy Wam czym jest kamishibai \u2013 dzi\u0119kujemy, \u017ce w trudnych pocz\u0105tkach Wasza wra\u017cliwo\u015b\u0107 i ciekawo\u015b\u0107 pozwoli\u0142y nam na dalszy rozw\u00f3j.<\/li>\n<li>Dla wszystkich, kt\u00f3rych interesuje temat ksi\u0105\u017cki w edukacji przygotowali\u015bmy\u00a0<a href=\"https:\/\/www.tibum.pl\/shop\/co-to-jest-kamishibai\"> <strong>obszerne materia\u0142y na temat samego kamishibai<\/strong><\/a> jak i <strong><a href=\"https:\/\/www.tibum.pl\/shop\/edukacja\">sposob\u00f3w jego wykorzystania<\/a>.<\/strong><\/li>\n<li>Poza sam\u0105 przyjemno\u015bci\u0105 korzystania z tej niecodziennej prezentacji tekstu literackiego, kamishibai spe\u0142nia\u0107 mo\u017ce jeszcze wiele funkcji w zale\u017cno\u015bci od kreatywno\u015bci u\u017cytkownika\u2026<\/li>\n<\/ul>\n<p><strong>Moc kamishibai wydaje si\u0119 w obecnym czasie nieocenion\u0105 pomoc\u0105 dydaktyczn\u0105 w pracy z dzie\u0107mi, m\u0142odzie\u017c\u0105 i doros\u0142ymi ale r\u00f3wnie\u017c niezwyk\u0142ym sposobem na zabaw\u0119 i szeroko rozumiany rozw\u00f3j.<br \/>\n<\/strong>[\/vc_column_text][vc_empty_space height=&#8221;20px&#8221;][vc_single_image image=&#8221;11017&#8243; img_size=&#8221;medium&#8221; style=&#8221;vc_box_rounded&#8221;][vc_empty_space height=&#8221;20px&#8221;][vc_column_text]<\/p>\n<p>Przywi\u0105zujemy du\u017c\u0105 wag\u0119 do <strong>walor\u00f3w artystycznych wydawanych ksi\u0105\u017cek.<\/strong><\/p>\n<p><strong><a href=\"https:\/\/www.tibum.pl\/shop\/teatrzyki-kamishibai\">Teatrzyki wykonujemy z najlepszego mo\u017cliwego materia\u0142u \u2013\u00a0 drewna bukowego, to przedmioty funkcjonalne, pi\u0119kne i trwa\u0142e.<\/a><\/strong><\/p>\n<p><strong>W 2013 roku otrzymali\u015bmy nagrod\u0119 g\u0142\u00f3wn\u0105 w kategorii kultura w konkursie \u015awiat Przyjazny Dziecku<\/strong> organizowanym przez Komitet Ochrony Praw Dziecka.[\/vc_column_text][vc_empty_space height=&#8221;20px&#8221;][vc_single_image image=&#8221;7622&#8243; img_size=&#8221;full&#8221; alignment=&#8221;center&#8221;][vc_empty_space height=&#8221;20px&#8221;][vc_column_text]<strong>Od 2016 roku jeste\u015bmy cz\u0142onkiem Mi\u0119dzynarodowego Stowarzyszenia Kamishibai IKAJA<\/strong> z siedzib\u0105 w Tokio.<br \/>\n<strong>Dzi\u0119ki sieci wsp\u00f3\u0142pracy, mamy mo\u017cliwo\u015b\u0107 dzieli\u0107 si\u0119 z Pa\u0144stwem wiedz\u0105 pozyskan\u0105 u najlepszych na \u015bwiecie praktyk\u00f3w i ekspert\u00f3w, wykorzystuj\u0105cych tradycj\u0119 kamishibai. Czynimy to z wielka przyjemno\u015bci\u0105 podczas warsztat\u00f3w i szkole\u0144.<\/strong><\/p>\n<p>Zapraszamy bibliotekarzy, nauczycieli, rodzic\u00f3w do zapoznania si\u0119 ze sztuk\u0105 <strong>Papierowego Teatru Kamishibai<\/strong><\/p>\n<blockquote><p><em>\u201cTibum to marzenie, kt\u00f3re si\u0119 zrealizowa\u0142o. Z mi\u0142o\u015bci do mojego syna, do dobrej ksi\u0105\u017cki, do pi\u0119knej ilustracji, do wschodnich, tradycyjnych sztuk\u2026\u201d<\/em><\/p><\/blockquote>\n<p style=\"text-align: right;\"><a href=\"https:\/\/www.tibum.pl\/shop\/autorzy\/zofia-piatkowska\">Zofia Pi\u0105tkowska, redaktor naczelna Wydawnictwa Tibum<\/a><strong><br \/>\n<\/strong><\/p>\n<p>[\/vc_column_text][vc_empty_space height=&#8221;40px&#8221;][vc_column_text]<\/p>\n<h3>Bibliografia<\/h3>\n<p><em>A Kamishibai for Peace, European Kamishibai Meeting, 2 &amp; 3 April 2012 at UNESCO<\/em><\/p>\n<p><em>La boite magique,<\/em> Edithe Montelle, Edition Callicephale, 2007<\/p>\n<p><em>Wszystko o Kamishibai. Pytania i odpowiedzi<\/em>, Noriko Matsui, Wydawnictwo Tibum, 2017<\/p>\n<p><em>Le Kamishibai, une technique japonaise,<\/em> Edith Montelle, 2008<\/p>\n<p><em>Kamishibai for Everyonee! by Donna Tamaki<\/em>, www.kamishibai.com<\/p>\n<p><em>Au grand kamishibai, Livret p\u00e9dagogique<\/em>, Marie Agn\u00e8s Chalumeaux, 2006<\/p>\n<p><em>Ocalone kr\u00f3lestwo, Tw\u00f3rczo\u015b\u0107 dla dzieci-perspektywy badawcze-problemy animacji<\/em>, Warszawa 2009<\/p>\n<p><em>Zrozumie\u0107 komiks<\/em>, Scott McCloud, Kultura Gniewu, Warszawa, 2015<\/p>\n<p><a href=\"https:\/\/www.cathyspagnoli.com\">www.cathyspagnoli.com<\/a><\/p>\n<p><a href=\"https:\/\/www.mc-delmas.com\">www.mc-delmas.com<\/a><\/p>\n<p><a href=\"https:\/\/www.kamishibai.com\">www.kamishibai.com<\/a><\/p>\n<p>[\/vc_column_text][vc_empty_space height=&#8221;40px&#8221;][vc_column_text]<\/p>\n<h3>Nasi partnerzy<\/h3>\n<p>[\/vc_column_text][vc_empty_space height=&#8221;20px&#8221;][vc_row_inner][vc_column_inner width=&#8221;1\/3&#8243;][vc_single_image image=&#8221;10132&#8243; img_size=&#8221;300&#215;200&#8243; alignment=&#8221;center&#8221;][vc_empty_space height=&#8221;40px&#8221;][\/vc_column_inner][vc_column_inner width=&#8221;1\/3&#8243;][vc_single_image image=&#8221;9800&#8243; img_size=&#8221;full200x200&#8243; alignment=&#8221;center&#8221;][vc_empty_space height=&#8221;40px&#8221;][\/vc_column_inner][vc_column_inner width=&#8221;1\/3&#8243;][vc_single_image image=&#8221;9799&#8243; img_size=&#8221;250&#215;50&#8243; alignment=&#8221;center&#8221;][vc_empty_space height=&#8221;40px&#8221;][\/vc_column_inner][\/vc_row_inner][vc_row_inner][vc_column_inner width=&#8221;1\/3&#8243;][vc_single_image image=&#8221;9404&#8243; img_size=&#8221;full&#8221; alignment=&#8221;center&#8221;][vc_empty_space height=&#8221;40px&#8221;][\/vc_column_inner][vc_column_inner width=&#8221;1\/3&#8243;][vc_single_image image=&#8221;24306&#8243; img_size=&#8221;full&#8221; alignment=&#8221;center&#8221; css=&#8221;&#8221;][vc_empty_space height=&#8221;40px&#8221;][\/vc_column_inner][vc_column_inner width=&#8221;1\/3&#8243;][vc_single_image image=&#8221;8205&#8243; img_size=&#8221;full&#8221; alignment=&#8221;center&#8221;][vc_empty_space height=&#8221;40px&#8221;][\/vc_column_inner][\/vc_row_inner][vc_row_inner][vc_column_inner width=&#8221;1\/3&#8243;][vc_single_image image=&#8221;9400&#8243; img_size=&#8221;full&#8221; alignment=&#8221;center&#8221;][vc_empty_space height=&#8221;40px&#8221;][\/vc_column_inner][vc_column_inner width=&#8221;1\/3&#8243;][vc_single_image image=&#8221;9403&#8243; img_size=&#8221;full&#8221; alignment=&#8221;center&#8221;][vc_empty_space height=&#8221;40px&#8221;][\/vc_column_inner][vc_column_inner width=&#8221;1\/3&#8243;][vc_single_image image=&#8221;7063&#8243; img_size=&#8221;full&#8221; alignment=&#8221;center&#8221;][vc_empty_space height=&#8221;40px&#8221;][\/vc_column_inner][\/vc_row_inner][vc_row_inner][vc_column_inner width=&#8221;1\/3&#8243;][vc_single_image image=&#8221;22762&#8243; img_size=&#8221;full&#8221; alignment=&#8221;center&#8221;][vc_empty_space height=&#8221;40px&#8221;][\/vc_column_inner][vc_column_inner width=&#8221;1\/3&#8243;][vc_single_image image=&#8221;22763&#8243; img_size=&#8221;full&#8221; alignment=&#8221;center&#8221;][vc_empty_space height=&#8221;40px&#8221;][\/vc_column_inner][vc_column_inner width=&#8221;1\/3&#8243;][vc_single_image image=&#8221;22765&#8243; img_size=&#8221;medium&#8221; alignment=&#8221;center&#8221;][vc_empty_space height=&#8221;40px&#8221;][\/vc_column_inner][\/vc_row_inner][\/vc_column][\/vc_row]<\/p>\n<\/div>","protected":false},"excerpt":{"rendered":"<p>[vc_row][vc_column][vc_column_text] PASJA, JAKO\u015a\u0106, WIEDZA [\/vc_column_text][vc_column_text] Wydawnictwo Tibum powsta\u0142o w 2012 roku. Jako pierwsi w Polsce rozpocz\u0119li\u015bmy wydawanie oryginalnych, stworzonych zgodnie z ide\u0105 kamishibai ksi\u0105\u017cek w formie ilustrowanych kart narracyjnych kamishibai.[\/vc_column_text][vc_empty_space height=&#8221;20px&#8221;][vc_single_image image=&#8221;10655&#8243; img_size=&#8221;medium&#8221; style=&#8221;vc_box_rounded&#8221;][vc_empty_space height=&#8221;20px&#8221;][vc_column_text]Naszym g\u0142\u00f3wnym celem jest propagowanie idei kamishibai, wyj\u0105tkowej sztuki Papierowego Teatru \u2013 sztuki opowiadania, czytania i wsp\u00f3\u0142uczestnictwa. Pokazali\u015bmy Wam czym jest&hellip;<\/p>\n","protected":false},"author":1,"featured_media":0,"parent":0,"menu_order":0,"comment_status":"closed","ping_status":"closed","template":"","meta":{"footnotes":""},"class_list":["post-6708","page","type-page","status-publish","hentry","description-off"],"yoast_head":"<!-- This site is optimized with the Yoast SEO plugin v27.3 - https:\/\/yoast.com\/product\/yoast-seo-wordpress\/ -->\n<title>Wydawnictwo - Tibum Wydawnictwo Kamishibai - Papierowy Teatr<\/title>\n<meta name=\"robots\" content=\"index, follow, max-snippet:-1, max-image-preview:large, max-video-preview:-1\" \/>\n<link rel=\"canonical\" href=\"https:\/\/www.tibum.pl\/shop\/wydawnictwo\" \/>\n<meta property=\"og:locale\" content=\"pl_PL\" \/>\n<meta property=\"og:type\" content=\"article\" \/>\n<meta property=\"og:title\" content=\"Wydawnictwo - Tibum Wydawnictwo Kamishibai - Papierowy Teatr\" \/>\n<meta property=\"og:description\" content=\"[vc_row][vc_column][vc_column_text] PASJA, JAKO\u015a\u0106, WIEDZA [\/vc_column_text][vc_column_text] Wydawnictwo Tibum powsta\u0142o w 2012 roku. Jako pierwsi w Polsce rozpocz\u0119li\u015bmy wydawanie oryginalnych, stworzonych zgodnie z ide\u0105 kamishibai ksi\u0105\u017cek w formie ilustrowanych kart narracyjnych kamishibai.[\/vc_column_text][vc_empty_space height=&#8221;20px&#8221;][vc_single_image image=&#8221;10655&#8243; img_size=&#8221;medium&#8221; style=&#8221;vc_box_rounded&#8221;][vc_empty_space height=&#8221;20px&#8221;][vc_column_text]Naszym g\u0142\u00f3wnym celem jest propagowanie idei kamishibai, wyj\u0105tkowej sztuki Papierowego Teatru \u2013 sztuki opowiadania, czytania i wsp\u00f3\u0142uczestnictwa. Pokazali\u015bmy Wam czym jest&hellip;\" \/>\n<meta property=\"og:url\" content=\"https:\/\/www.tibum.pl\/shop\/wydawnictwo\" \/>\n<meta property=\"og:site_name\" content=\"Tibum Wydawnictwo Kamishibai - Papierowy Teatr\" \/>\n<meta property=\"article:publisher\" content=\"https:\/\/www.facebook.com\/PapierowyTeatr\" \/>\n<meta property=\"article:modified_time\" content=\"2025-01-15T09:18:18+00:00\" \/>\n<meta name=\"twitter:card\" content=\"summary_large_image\" \/>\n<meta name=\"twitter:label1\" content=\"Szacowany czas czytania\" \/>\n\t<meta name=\"twitter:data1\" content=\"4 minuty\" \/>\n<script type=\"application\/ld+json\" class=\"yoast-schema-graph\">{\"@context\":\"https:\\\/\\\/schema.org\",\"@graph\":[{\"@type\":\"WebPage\",\"@id\":\"https:\\\/\\\/www.tibum.pl\\\/shop\\\/wydawnictwo\",\"url\":\"https:\\\/\\\/www.tibum.pl\\\/shop\\\/wydawnictwo\",\"name\":\"Wydawnictwo - Tibum Wydawnictwo Kamishibai - Papierowy Teatr\",\"isPartOf\":{\"@id\":\"https:\\\/\\\/www.tibum.pl\\\/shop\\\/#website\"},\"datePublished\":\"2017-03-25T12:47:51+00:00\",\"dateModified\":\"2025-01-15T09:18:18+00:00\",\"breadcrumb\":{\"@id\":\"https:\\\/\\\/www.tibum.pl\\\/shop\\\/wydawnictwo#breadcrumb\"},\"inLanguage\":\"pl-PL\",\"potentialAction\":[{\"@type\":\"ReadAction\",\"target\":[\"https:\\\/\\\/www.tibum.pl\\\/shop\\\/wydawnictwo\"]}]},{\"@type\":\"BreadcrumbList\",\"@id\":\"https:\\\/\\\/www.tibum.pl\\\/shop\\\/wydawnictwo#breadcrumb\",\"itemListElement\":[{\"@type\":\"ListItem\",\"position\":1,\"name\":\"Home\",\"item\":\"https:\\\/\\\/www.tibum.pl\\\/shop\\\/\"},{\"@type\":\"ListItem\",\"position\":2,\"name\":\"Wydawnictwo\"}]},{\"@type\":\"WebSite\",\"@id\":\"https:\\\/\\\/www.tibum.pl\\\/shop\\\/#website\",\"url\":\"https:\\\/\\\/www.tibum.pl\\\/shop\\\/\",\"name\":\"Tibum Wydawnictwo Kamishibai - Papierowy Teatr\",\"description\":\"wydawca ksi\u0105\u017cek i bajek obrazkowych kamishibai\",\"potentialAction\":[{\"@type\":\"SearchAction\",\"target\":{\"@type\":\"EntryPoint\",\"urlTemplate\":\"https:\\\/\\\/www.tibum.pl\\\/shop\\\/?s={search_term_string}\"},\"query-input\":{\"@type\":\"PropertyValueSpecification\",\"valueRequired\":true,\"valueName\":\"search_term_string\"}}],\"inLanguage\":\"pl-PL\"}]}<\/script>\n<!-- \/ Yoast SEO plugin. -->","yoast_head_json":{"title":"Wydawnictwo - Tibum Wydawnictwo Kamishibai - Papierowy Teatr","robots":{"index":"index","follow":"follow","max-snippet":"max-snippet:-1","max-image-preview":"max-image-preview:large","max-video-preview":"max-video-preview:-1"},"canonical":"https:\/\/www.tibum.pl\/shop\/wydawnictwo","og_locale":"pl_PL","og_type":"article","og_title":"Wydawnictwo - Tibum Wydawnictwo Kamishibai - Papierowy Teatr","og_description":"[vc_row][vc_column][vc_column_text] PASJA, JAKO\u015a\u0106, WIEDZA [\/vc_column_text][vc_column_text] Wydawnictwo Tibum powsta\u0142o w 2012 roku. Jako pierwsi w Polsce rozpocz\u0119li\u015bmy wydawanie oryginalnych, stworzonych zgodnie z ide\u0105 kamishibai ksi\u0105\u017cek w formie ilustrowanych kart narracyjnych kamishibai.[\/vc_column_text][vc_empty_space height=&#8221;20px&#8221;][vc_single_image image=&#8221;10655&#8243; img_size=&#8221;medium&#8221; style=&#8221;vc_box_rounded&#8221;][vc_empty_space height=&#8221;20px&#8221;][vc_column_text]Naszym g\u0142\u00f3wnym celem jest propagowanie idei kamishibai, wyj\u0105tkowej sztuki Papierowego Teatru \u2013 sztuki opowiadania, czytania i wsp\u00f3\u0142uczestnictwa. Pokazali\u015bmy Wam czym jest&hellip;","og_url":"https:\/\/www.tibum.pl\/shop\/wydawnictwo","og_site_name":"Tibum Wydawnictwo Kamishibai - Papierowy Teatr","article_publisher":"https:\/\/www.facebook.com\/PapierowyTeatr","article_modified_time":"2025-01-15T09:18:18+00:00","twitter_card":"summary_large_image","twitter_misc":{"Szacowany czas czytania":"4 minuty"},"schema":{"@context":"https:\/\/schema.org","@graph":[{"@type":"WebPage","@id":"https:\/\/www.tibum.pl\/shop\/wydawnictwo","url":"https:\/\/www.tibum.pl\/shop\/wydawnictwo","name":"Wydawnictwo - Tibum Wydawnictwo Kamishibai - Papierowy Teatr","isPartOf":{"@id":"https:\/\/www.tibum.pl\/shop\/#website"},"datePublished":"2017-03-25T12:47:51+00:00","dateModified":"2025-01-15T09:18:18+00:00","breadcrumb":{"@id":"https:\/\/www.tibum.pl\/shop\/wydawnictwo#breadcrumb"},"inLanguage":"pl-PL","potentialAction":[{"@type":"ReadAction","target":["https:\/\/www.tibum.pl\/shop\/wydawnictwo"]}]},{"@type":"BreadcrumbList","@id":"https:\/\/www.tibum.pl\/shop\/wydawnictwo#breadcrumb","itemListElement":[{"@type":"ListItem","position":1,"name":"Home","item":"https:\/\/www.tibum.pl\/shop\/"},{"@type":"ListItem","position":2,"name":"Wydawnictwo"}]},{"@type":"WebSite","@id":"https:\/\/www.tibum.pl\/shop\/#website","url":"https:\/\/www.tibum.pl\/shop\/","name":"Tibum Wydawnictwo Kamishibai - Papierowy Teatr","description":"wydawca ksi\u0105\u017cek i bajek obrazkowych kamishibai","potentialAction":[{"@type":"SearchAction","target":{"@type":"EntryPoint","urlTemplate":"https:\/\/www.tibum.pl\/shop\/?s={search_term_string}"},"query-input":{"@type":"PropertyValueSpecification","valueRequired":true,"valueName":"search_term_string"}}],"inLanguage":"pl-PL"}]}},"_links":{"self":[{"href":"https:\/\/www.tibum.pl\/shop\/wp-json\/wp\/v2\/pages\/6708","targetHints":{"allow":["GET"]}}],"collection":[{"href":"https:\/\/www.tibum.pl\/shop\/wp-json\/wp\/v2\/pages"}],"about":[{"href":"https:\/\/www.tibum.pl\/shop\/wp-json\/wp\/v2\/types\/page"}],"author":[{"embeddable":true,"href":"https:\/\/www.tibum.pl\/shop\/wp-json\/wp\/v2\/users\/1"}],"replies":[{"embeddable":true,"href":"https:\/\/www.tibum.pl\/shop\/wp-json\/wp\/v2\/comments?post=6708"}],"version-history":[{"count":0,"href":"https:\/\/www.tibum.pl\/shop\/wp-json\/wp\/v2\/pages\/6708\/revisions"}],"wp:attachment":[{"href":"https:\/\/www.tibum.pl\/shop\/wp-json\/wp\/v2\/media?parent=6708"}],"curies":[{"name":"wp","href":"https:\/\/api.w.org\/{rel}","templated":true}]}}