{"id":16592,"date":"2021-02-05T12:33:50","date_gmt":"2021-02-05T11:33:50","guid":{"rendered":"https:\/\/www.tibum.pl\/shop\/?post_type=product&#038;p=16592"},"modified":"2025-11-14T20:03:00","modified_gmt":"2025-11-14T19:03:00","slug":"leszy-opiekun-puszczy","status":"publish","type":"product","link":"https:\/\/www.tibum.pl\/shop\/produkt\/leszy-opiekun-puszczy","title":{"rendered":"&#8222;Leszy &#8211; opiekun puszczy&#8221;, Agata P\u00f3\u0142torak, 16 kart narracyjnych"},"content":{"rendered":"<article>\n<div style=\"text-align: left;\">\n<p><strong>ksi\u0105\u017cka kamishibai<\/strong> w formie ilustrowanych kart narracyjnych do teatrzyku kamishibai<\/p>\n<p><strong>Tytu\u0142: &#8222;Leszy &#8211; opiekun puszczy. Ba\u015b\u0144 s\u0142owia\u0144ska<em><cite>&#8222;<\/cite><\/em><\/strong><\/p>\n<p><strong>Tekst i ilustracje: <a href=\"https:\/\/www.tibum.pl\/shop\/autorzy\/agata-poltorak\">Agata P\u00f3\u0142torak<\/a><\/strong><\/p>\n<p><strong><span style=\"vertical-align: inherit;\"><span style=\"vertical-align: inherit;\"><span style=\"vertical-align: inherit;\"><span style=\"vertical-align: inherit;\"><span style=\"vertical-align: inherit;\"><span style=\"vertical-align: inherit;\">ISBN: 978-83-947587-5-2<\/span><\/span><\/span><\/span><\/span><\/span><\/strong><\/p>\n<p><span style=\"vertical-align: inherit;\"><span style=\"vertical-align: inherit;\"><span style=\"vertical-align: inherit;\"><span style=\"vertical-align: inherit;\"><span style=\"vertical-align: inherit;\"><span style=\"vertical-align: inherit;\">bajka kamishibai<\/span><\/span><\/span><\/span><\/span><\/span><\/p>\n<p>Zapraszamy do spotkania z Leszym &#8211; w\u0142adc\u0105 i panem le\u015bnej Przyrody. Sprawd\u017amy czy Leszy to z\u0142y demon czy sprawiedliwy opiekun Lasu\u2026<\/p>\n<p>Leszy to znana posta\u0107 z mitologii s\u0142owia\u0144skiej, nazywany r\u00f3wnie\u017c laskowcem, borut\u0105, gajowym, le\u015bnym dziadem, wilczym pasterzem. Ba\u015b\u0144 opowiada o losach dw\u00f3ch braci \u017cyj\u0105cych na skraju puszczy. Ich sposoby widzenia \u015bwiata ca\u0142kowicie r\u00f3\u017cni si\u0119. Maj\u0105 r\u00f3\u017cne charaktery i temperament, trudno im wsp\u00f3\u0142pracowa\u0107\u2026 ich drogi rozchodz\u0105 si\u0119. Kt\u00f3rego z nich spotka nauczka? Czy stanie si\u0119 ona lekcj\u0105 pokory ?<\/p>\n<p>Nag\u0142e zwroty akcji, sugestywne ilustracje i pokrzepiaj\u0105ce zako\u0144czenie ba\u015bni stanowi\u0105 o niezwyk\u0142ej ekspresji opowie\u015bci.<\/p>\n<p>Ksi\u0105\u017cka zawiera podpisy zwierz\u0105t pojawiaj\u0105cych si\u0119 na ilustracjach, dzi\u0119ki kt\u00f3rym odkryjemy mieszka\u0144c\u00f3w pradawnej puszczy, w tym te gatunki zwierz\u0105t, kt\u00f3re nieodwracalnie znikn\u0119\u0142y z naszych las\u00f3w.<\/p>\n<p>&nbsp;<\/p>\n<p>Ksi\u0105\u017cka mo\u017ce stanowi\u0107 doskona\u0142y punkt wyj\u015bcia do lekcji:<\/p>\n<p><em>Las i jego mieszka\u0144cy<\/em><\/p>\n<p><em> Ptaki i ssaki chronione<\/em><\/p>\n<p><em>Wymieranie gatunk\u00f3w zwierz\u0105t \u2013 przyczyny<\/em><\/p>\n<p><em>Dawna fauna las\u00f3w pierwotnych w Polsce<\/em><\/p>\n<p><em>Bior\u00f3\u017cnorodno\u015b\u0107<\/em><\/p>\n<\/div>\n<\/article>\n<p>Wydawnictwo: Wydawnictwo Tibum<br \/>\n<strong>Wymiary: A3 (297\/420 mm)<\/strong><br \/>\nLiczba kart: 16 (dwustronnych)<br \/>\nIlo\u015b\u0107 stron: 32 (tekst, ilustracje)<br \/>\nRok wydania: 2021<br \/>\nOprawa: kartonowa koperta<\/p>\n<p style=\"font-size: small; font-weight: normal;\"><strong>Uwaga:<\/strong><br \/>\nZdj\u0119cia w galerii produktu mog\u0105 zawiera\u0107 inne przedmioty np. ksi\u0105\u017cki, teatrzyki-parawany, kt\u00f3re s\u0105 osobno zamawianymi pozycjami<\/p>\n<div id=\"s3gt_translate_tooltip_mini\" class=\"s3gt_translate_tooltip_mini_box\" style=\"background: initial !important; border: initial !important; border-radius: initial !important; border-spacing: initial !important; border-collapse: initial !important; direction: ltr !important; flex-direction: initial !important; font-weight: initial !important; height: initial !important; letter-spacing: initial !important; min-width: initial !important; max-width: initial !important; min-height: initial !important; max-height: initial !important; margin: auto !important; padding: initial !important; text-align: initial !important; width: initial !important; color: inherit !important; font-size: 13px !important; font-family: X-LocaleSpecific, sans-serif, Tahoma, Helvetica !important; line-height: 13px !important; vertical-align: top !important;\">\n<div id=\"s3gt_translate_tooltip_mini_logo\" class=\"s3gt_translate_tooltip_mini\" title=\"T\u0142umacz zaznaczony tekst\"><\/div>\n<div id=\"s3gt_translate_tooltip_mini_sound\" class=\"s3gt_translate_tooltip_mini\" title=\"Odtw\u00f3rz\"><\/div>\n<div id=\"s3gt_translate_tooltip_mini_copy\" class=\"s3gt_translate_tooltip_mini\" title=\"Kopiuj tekst do schowka\"><\/div>\n<\/div>\n","protected":false},"excerpt":{"rendered":"<p>ksi\u0105\u017cka kamishibai w formie ilustrowanych kart narracyjnych do teatrzyku drewnianego<\/p>\n<p><strong>Tytu\u0142: &#8222;Leszy &#8211; opiekun puszczy. Ba\u015b\u0144 s\u0142owia\u0144ska&#8221;<\/strong><\/p>\n<p><strong><span style=\"vertical-align: inherit;\"><span style=\"vertical-align: inherit;\">Tekst i ilustracje: <\/span><\/span><a href=\"https:\/\/www.tibum.pl\/shop\/autorzy\/agata-poltorak\"><span style=\"vertical-align: inherit;\"><span style=\"vertical-align: inherit;\">Agata P\u00f3\u0142torak<\/span><\/span><\/a><\/strong><\/p>\n<p><strong><span style=\"vertical-align: inherit;\"><span style=\"vertical-align: inherit;\"><span style=\"vertical-align: inherit;\"><span style=\"vertical-align: inherit;\"><span style=\"vertical-align: inherit;\"><span style=\"vertical-align: inherit;\">ISBN: 978-83-947587-5-2<\/span><\/span><\/span><\/span><\/span><\/span><\/strong><\/p>\n<p><span style=\"vertical-align: inherit;\"><span style=\"vertical-align: inherit;\"><span style=\"vertical-align: inherit;\"><span style=\"vertical-align: inherit;\"><span style=\"vertical-align: inherit;\"><span style=\"vertical-align: inherit;\">bajka kamishibai<\/span><\/span><\/span><\/span><\/span><\/span><\/p>\n","protected":false},"featured_media":16594,"template":"","meta":[],"product_brand":[],"product_cat":[18,48],"product_tag":[580,914,6,224,916,917,541,221,915],"class_list":{"0":"post-16592","1":"product","2":"type-product","3":"status-publish","4":"has-post-thumbnail","6":"product_cat-kamishibai","7":"product_cat-karty-narracyjne-do-teatrzyku-kamishibai","8":"product_tag-bajka-kamishibai","9":"product_tag-fauna","10":"product_tag-kamishibai","11":"product_tag-karty-narracyjne","12":"product_tag-puszcza","13":"product_tag-slowianie","14":"product_tag-teatrzyk-drewniany","15":"product_tag-tibum","16":"product_tag-zgrozone-gatunki","17":"product_shipping_class-lekkie1","18":"description-off","20":"first","21":"instock","22":"featured","23":"taxable","24":"shipping-taxable","25":"purchasable","26":"product-type-simple"},"yoast_head":"<!-- This site is optimized with the Yoast SEO plugin v27.3 - https:\/\/yoast.com\/product\/yoast-seo-wordpress\/ -->\n<title>&quot;Leszy - opiekun puszczy&quot;, Agata P\u00f3\u0142torak, 16 kart narracyjnych - Tibum Wydawnictwo Kamishibai - Papierowy Teatr<\/title>\n<meta name=\"robots\" content=\"index, follow, max-snippet:-1, max-image-preview:large, max-video-preview:-1\" \/>\n<link rel=\"canonical\" href=\"https:\/\/www.tibum.pl\/shop\/produkt\/leszy-opiekun-puszczy\" \/>\n<meta property=\"og:locale\" content=\"pl_PL\" \/>\n<meta property=\"og:type\" content=\"article\" \/>\n<meta property=\"og:title\" content=\"&quot;Leszy - opiekun puszczy&quot;, Agata P\u00f3\u0142torak, 16 kart narracyjnych - Tibum Wydawnictwo Kamishibai - Papierowy Teatr\" \/>\n<meta property=\"og:description\" content=\"ksi\u0105\u017cka kamishibai w formie ilustrowanych kart narracyjnych do teatrzyku drewnianego  Tytu\u0142: &quot;Leszy - opiekun puszczy. Ba\u015b\u0144 s\u0142owia\u0144ska&quot;  Tekst i ilustracje: Agata P\u00f3\u0142torak  ISBN: 978-83-947587-5-2  bajka kamishibai\" \/>\n<meta property=\"og:url\" content=\"https:\/\/www.tibum.pl\/shop\/produkt\/leszy-opiekun-puszczy\" \/>\n<meta property=\"og:site_name\" content=\"Tibum Wydawnictwo Kamishibai - Papierowy Teatr\" \/>\n<meta property=\"article:publisher\" content=\"https:\/\/www.facebook.com\/PapierowyTeatr\" \/>\n<meta property=\"article:modified_time\" content=\"2025-11-14T19:03:00+00:00\" \/>\n<meta property=\"og:image\" content=\"https:\/\/www.tibum.pl\/shop\/wp-content\/uploads\/Leszy_okladka_mini.jpg\" \/>\n\t<meta property=\"og:image:width\" content=\"800\" \/>\n\t<meta property=\"og:image:height\" content=\"578\" \/>\n\t<meta property=\"og:image:type\" content=\"image\/jpeg\" \/>\n<meta name=\"twitter:card\" content=\"summary_large_image\" \/>\n<meta name=\"twitter:label1\" content=\"Szacowany czas czytania\" \/>\n\t<meta name=\"twitter:data1\" content=\"1 minuta\" \/>\n<script type=\"application\/ld+json\" class=\"yoast-schema-graph\">{\"@context\":\"https:\\\/\\\/schema.org\",\"@graph\":[{\"@type\":\"WebPage\",\"@id\":\"https:\\\/\\\/www.tibum.pl\\\/shop\\\/produkt\\\/leszy-opiekun-puszczy\",\"url\":\"https:\\\/\\\/www.tibum.pl\\\/shop\\\/produkt\\\/leszy-opiekun-puszczy\",\"name\":\"\\\"Leszy - opiekun puszczy\\\", Agata P\u00f3\u0142torak, 16 kart narracyjnych - Tibum Wydawnictwo Kamishibai - Papierowy Teatr\",\"isPartOf\":{\"@id\":\"https:\\\/\\\/www.tibum.pl\\\/shop\\\/#website\"},\"primaryImageOfPage\":{\"@id\":\"https:\\\/\\\/www.tibum.pl\\\/shop\\\/produkt\\\/leszy-opiekun-puszczy#primaryimage\"},\"image\":{\"@id\":\"https:\\\/\\\/www.tibum.pl\\\/shop\\\/produkt\\\/leszy-opiekun-puszczy#primaryimage\"},\"thumbnailUrl\":\"https:\\\/\\\/www.tibum.pl\\\/shop\\\/wp-content\\\/uploads\\\/Leszy_okladka_mini.jpg\",\"datePublished\":\"2021-02-05T11:33:50+00:00\",\"dateModified\":\"2025-11-14T19:03:00+00:00\",\"breadcrumb\":{\"@id\":\"https:\\\/\\\/www.tibum.pl\\\/shop\\\/produkt\\\/leszy-opiekun-puszczy#breadcrumb\"},\"inLanguage\":\"pl-PL\",\"potentialAction\":[{\"@type\":\"ReadAction\",\"target\":[\"https:\\\/\\\/www.tibum.pl\\\/shop\\\/produkt\\\/leszy-opiekun-puszczy\"]}]},{\"@type\":\"ImageObject\",\"inLanguage\":\"pl-PL\",\"@id\":\"https:\\\/\\\/www.tibum.pl\\\/shop\\\/produkt\\\/leszy-opiekun-puszczy#primaryimage\",\"url\":\"https:\\\/\\\/www.tibum.pl\\\/shop\\\/wp-content\\\/uploads\\\/Leszy_okladka_mini.jpg\",\"contentUrl\":\"https:\\\/\\\/www.tibum.pl\\\/shop\\\/wp-content\\\/uploads\\\/Leszy_okladka_mini.jpg\",\"width\":800,\"height\":578},{\"@type\":\"BreadcrumbList\",\"@id\":\"https:\\\/\\\/www.tibum.pl\\\/shop\\\/produkt\\\/leszy-opiekun-puszczy#breadcrumb\",\"itemListElement\":[{\"@type\":\"ListItem\",\"position\":1,\"name\":\"Home\",\"item\":\"https:\\\/\\\/www.tibum.pl\\\/shop\\\/\"},{\"@type\":\"ListItem\",\"position\":2,\"name\":\"Sklep\",\"item\":\"https:\\\/\\\/www.tibum.pl\\\/shop\\\/sklep\"},{\"@type\":\"ListItem\",\"position\":3,\"name\":\"&#8222;Leszy &#8211; opiekun puszczy&#8221;, Agata P\u00f3\u0142torak, 16 kart narracyjnych\"}]},{\"@type\":\"WebSite\",\"@id\":\"https:\\\/\\\/www.tibum.pl\\\/shop\\\/#website\",\"url\":\"https:\\\/\\\/www.tibum.pl\\\/shop\\\/\",\"name\":\"Tibum Wydawnictwo Kamishibai - Papierowy Teatr\",\"description\":\"wydawca ksi\u0105\u017cek i bajek obrazkowych kamishibai\",\"potentialAction\":[{\"@type\":\"SearchAction\",\"target\":{\"@type\":\"EntryPoint\",\"urlTemplate\":\"https:\\\/\\\/www.tibum.pl\\\/shop\\\/?s={search_term_string}\"},\"query-input\":{\"@type\":\"PropertyValueSpecification\",\"valueRequired\":true,\"valueName\":\"search_term_string\"}}],\"inLanguage\":\"pl-PL\"}]}<\/script>\n<!-- \/ Yoast SEO plugin. -->","yoast_head_json":{"title":"\"Leszy - opiekun puszczy\", Agata P\u00f3\u0142torak, 16 kart narracyjnych - Tibum Wydawnictwo Kamishibai - Papierowy Teatr","robots":{"index":"index","follow":"follow","max-snippet":"max-snippet:-1","max-image-preview":"max-image-preview:large","max-video-preview":"max-video-preview:-1"},"canonical":"https:\/\/www.tibum.pl\/shop\/produkt\/leszy-opiekun-puszczy","og_locale":"pl_PL","og_type":"article","og_title":"\"Leszy - opiekun puszczy\", Agata P\u00f3\u0142torak, 16 kart narracyjnych - Tibum Wydawnictwo Kamishibai - Papierowy Teatr","og_description":"ksi\u0105\u017cka kamishibai w formie ilustrowanych kart narracyjnych do teatrzyku drewnianego  Tytu\u0142: \"Leszy - opiekun puszczy. Ba\u015b\u0144 s\u0142owia\u0144ska\"  Tekst i ilustracje: Agata P\u00f3\u0142torak  ISBN: 978-83-947587-5-2  bajka kamishibai","og_url":"https:\/\/www.tibum.pl\/shop\/produkt\/leszy-opiekun-puszczy","og_site_name":"Tibum Wydawnictwo Kamishibai - Papierowy Teatr","article_publisher":"https:\/\/www.facebook.com\/PapierowyTeatr","article_modified_time":"2025-11-14T19:03:00+00:00","og_image":[{"width":800,"height":578,"url":"https:\/\/www.tibum.pl\/shop\/wp-content\/uploads\/Leszy_okladka_mini.jpg","type":"image\/jpeg"}],"twitter_card":"summary_large_image","twitter_misc":{"Szacowany czas czytania":"1 minuta"},"schema":{"@context":"https:\/\/schema.org","@graph":[{"@type":"WebPage","@id":"https:\/\/www.tibum.pl\/shop\/produkt\/leszy-opiekun-puszczy","url":"https:\/\/www.tibum.pl\/shop\/produkt\/leszy-opiekun-puszczy","name":"\"Leszy - opiekun puszczy\", Agata P\u00f3\u0142torak, 16 kart narracyjnych - Tibum Wydawnictwo Kamishibai - Papierowy Teatr","isPartOf":{"@id":"https:\/\/www.tibum.pl\/shop\/#website"},"primaryImageOfPage":{"@id":"https:\/\/www.tibum.pl\/shop\/produkt\/leszy-opiekun-puszczy#primaryimage"},"image":{"@id":"https:\/\/www.tibum.pl\/shop\/produkt\/leszy-opiekun-puszczy#primaryimage"},"thumbnailUrl":"https:\/\/www.tibum.pl\/shop\/wp-content\/uploads\/Leszy_okladka_mini.jpg","datePublished":"2021-02-05T11:33:50+00:00","dateModified":"2025-11-14T19:03:00+00:00","breadcrumb":{"@id":"https:\/\/www.tibum.pl\/shop\/produkt\/leszy-opiekun-puszczy#breadcrumb"},"inLanguage":"pl-PL","potentialAction":[{"@type":"ReadAction","target":["https:\/\/www.tibum.pl\/shop\/produkt\/leszy-opiekun-puszczy"]}]},{"@type":"ImageObject","inLanguage":"pl-PL","@id":"https:\/\/www.tibum.pl\/shop\/produkt\/leszy-opiekun-puszczy#primaryimage","url":"https:\/\/www.tibum.pl\/shop\/wp-content\/uploads\/Leszy_okladka_mini.jpg","contentUrl":"https:\/\/www.tibum.pl\/shop\/wp-content\/uploads\/Leszy_okladka_mini.jpg","width":800,"height":578},{"@type":"BreadcrumbList","@id":"https:\/\/www.tibum.pl\/shop\/produkt\/leszy-opiekun-puszczy#breadcrumb","itemListElement":[{"@type":"ListItem","position":1,"name":"Home","item":"https:\/\/www.tibum.pl\/shop\/"},{"@type":"ListItem","position":2,"name":"Sklep","item":"https:\/\/www.tibum.pl\/shop\/sklep"},{"@type":"ListItem","position":3,"name":"&#8222;Leszy &#8211; opiekun puszczy&#8221;, Agata P\u00f3\u0142torak, 16 kart narracyjnych"}]},{"@type":"WebSite","@id":"https:\/\/www.tibum.pl\/shop\/#website","url":"https:\/\/www.tibum.pl\/shop\/","name":"Tibum Wydawnictwo Kamishibai - Papierowy Teatr","description":"wydawca ksi\u0105\u017cek i bajek obrazkowych kamishibai","potentialAction":[{"@type":"SearchAction","target":{"@type":"EntryPoint","urlTemplate":"https:\/\/www.tibum.pl\/shop\/?s={search_term_string}"},"query-input":{"@type":"PropertyValueSpecification","valueRequired":true,"valueName":"search_term_string"}}],"inLanguage":"pl-PL"}]}},"_links":{"self":[{"href":"https:\/\/www.tibum.pl\/shop\/wp-json\/wp\/v2\/product\/16592","targetHints":{"allow":["GET"]}}],"collection":[{"href":"https:\/\/www.tibum.pl\/shop\/wp-json\/wp\/v2\/product"}],"about":[{"href":"https:\/\/www.tibum.pl\/shop\/wp-json\/wp\/v2\/types\/product"}],"wp:featuredmedia":[{"embeddable":true,"href":"https:\/\/www.tibum.pl\/shop\/wp-json\/wp\/v2\/media\/16594"}],"wp:attachment":[{"href":"https:\/\/www.tibum.pl\/shop\/wp-json\/wp\/v2\/media?parent=16592"}],"wp:term":[{"taxonomy":"product_brand","embeddable":true,"href":"https:\/\/www.tibum.pl\/shop\/wp-json\/wp\/v2\/product_brand?post=16592"},{"taxonomy":"product_cat","embeddable":true,"href":"https:\/\/www.tibum.pl\/shop\/wp-json\/wp\/v2\/product_cat?post=16592"},{"taxonomy":"product_tag","embeddable":true,"href":"https:\/\/www.tibum.pl\/shop\/wp-json\/wp\/v2\/product_tag?post=16592"}],"curies":[{"name":"wp","href":"https:\/\/api.w.org\/{rel}","templated":true}]}}