{"id":17124,"date":"2021-05-27T11:20:32","date_gmt":"2021-05-27T09:20:32","guid":{"rendered":"https:\/\/www.tibum.pl\/shop\/?post_type=product&#038;p=17124"},"modified":"2025-11-25T14:34:46","modified_gmt":"2025-11-25T13:34:46","slug":"bajka-o-zabach","status":"publish","type":"product","link":"https:\/\/www.tibum.pl\/shop\/produkt\/bajka-o-zabach","title":{"rendered":"&#8222;Bajka o \u017babach&#8221;, Bendek Elek, L\u00e1szl\u00f3 Herbszt, 16 dwustronnych kart narracyjnych"},"content":{"rendered":"<article>\n<div style=\"text-align: left;\">\n<p><strong>Tytu\u0142: &#8222;Bajka o \u017babach<em><cite>&#8222;<\/cite><\/em><\/strong><\/p>\n<p><strong><span style=\"vertical-align: inherit;\"><span style=\"vertical-align: inherit;\">Tekst: <\/span><\/span><a href=\"https:\/\/www.tibum.pl\/shop\/autorzy\/elek-bendek\"><span style=\"vertical-align: inherit;\"><span style=\"vertical-align: inherit;\">Bandek Ele<\/span><\/span><span style=\"vertical-align: inherit;\"><span style=\"vertical-align: inherit;\">k<\/span><\/span><\/a><\/strong><\/p>\n<p><strong>Ilustracje: <a title=\"L\u00e1szl\u00f3 Herbszt\" href=\"https:\/\/www.tibum.pl\/shop\/autorzy\/laszlo-herbszt\"><span style=\"font-size: medium;\">L<span style=\"font-family: Liberation Serif, serif;\">\u00e1<\/span>szl<span style=\"font-family: Liberation Serif, serif;\">\u00f3 <\/span>Herbszt<\/span><\/a><\/strong><\/p>\n<p><strong>T\u0142umaczenie na j\u0119zyk angielski: Mark <\/strong><strong>B\u00e1czoni<\/strong><\/p>\n<p><strong>Redakcja <\/strong><strong>j\u0119zykowa: <a href=\"https:\/\/www.tibum.pl\/shop\/autorzy\/katarzyna-zytomirska\">Katarzyna \u017bytomirska<\/a><\/strong><\/p>\n<p><strong>ISBN: 978-83-947587-9-0<\/strong><\/p>\n<p><strong>Wydanie dwuj\u0119zyczne: polski \/ angielski !<\/strong><\/p>\n<\/div>\n<div><\/div>\n<\/article>\n<p><strong>ksi\u0105\u017cka kamishibai<\/strong> w formie ilustrowanych kart narracyjnych do teatrzyku kamishibai<\/p>\n<p><strong>ksi\u0105\u017cka dwuj\u0119zyczna: polski\/angielski<\/strong><\/p>\n<p>Bajka filozoficzna.<\/p>\n<p>Bajka przedstawia za pomoc\u0105 prostej fabu\u0142y sytuacj\u0119, w kt\u00f3rej pozostajemy w b\u0142\u0119dnych przekonaniach patrz\u0105c na rzeczywisto\u015b\u0107 z jednej tylko perspektywy.<\/p>\n<p>To klasyczna przypowie\u015b\u0107 dzi\u0119ki, kt\u00f3rej mo\u017cemy przekona\u0107 si\u0119 r\u00f3wnie\u017c jak nasze pogl\u0105dy podlegaj\u0105 uwarunkowaniom. Jedno wydarzenie mo\u017ce wp\u0142yn\u0105\u0107 na nasz spos\u00f3b my\u015blenia i spos\u00f3b my\u015blenia wielu os\u00f3b wok\u00f3\u0142 nas.<\/p>\n<p>Co spotka\u0142o Dwie \u017baby? Pozornie bohaterki opowie\u015bci zobaczy\u0142y co\u015b na w\u0142asne oczy. Ale czy na pewno? By\u0107 mo\u017ce dobrze si\u0119 przy tym bawi\u0142y \u2013 tego nie da si\u0119 ukry\u0107, ale\u2026<\/p>\n<p>Nie oceniajmy niczego po pozorach \u2013 to znane powiedzenie. Jak wiemy pozory mog\u0105 by\u0107 myl\u0105ce i czasem o tym nie wiedz\u0105c, mo\u017cemy sp\u0119dzi\u0107 ca\u0142e \u017cycie, tak jak \u017caby, \u017cyj\u0105c w b\u0142\u0119dnych przekonaniach. Co z tego wynika? Jak mo\u017cna tego unikn\u0105\u0107? Sytuacja komplikuje si\u0119 gdy przekazujemy nasz\u0105 opini\u0119 innym i w ten spos\u00f3b wp\u0142ywamy na losy wielu ludzi.<\/p>\n<p>Bajka posiada elementy humorystyczne, obie bohaterki mimo, i\u017c nie dotar\u0142y do celu swej podr\u00f3\u017cy potrafi\u0142y zaprzyja\u017ani\u0107 si\u0119 i sp\u0119dzi\u0107 wsp\u00f3lnie radosne chwile.<\/p>\n<p><b>Ksi\u0105\u017cka zilustrowana przez L\u00e1szl\u00f3 Herbszta, nominowanego do nagrody Hansa Christiana Andersena 2020<\/b><\/p>\n<p>&nbsp;<\/p>\n<article><\/article>\n<p>Wydawnictwo: Wydawnictwo Tibum<br \/>\nWymiary: <strong> A3 (297\/420 mm)<\/strong><br \/>\nLiczba kart: 16 (dwustronnych)<br \/>\nIlo\u015b\u0107 stron: 32 (tekst, ilustracje)<br \/>\nRok wydania: 2021<br \/>\nOprawa: kartonowa koperta<\/p>\n<p style=\"font-size: small; font-weight: normal;\"><strong>Uwaga:<\/strong><br \/>\nZdj\u0119cia w galerii produktu mog\u0105 zawiera\u0107 inne przedmioty np. ksi\u0105\u017cki, teatrzyki-parawany, kt\u00f3re s\u0105 osobno zamawianymi pozycjami<\/p>\n<div id=\"s3gt_translate_tooltip_mini\" class=\"s3gt_translate_tooltip_mini_box\" style=\"background: initial !important; border: initial !important; border-radius: initial !important; border-spacing: initial !important; border-collapse: initial !important; direction: ltr !important; flex-direction: initial !important; font-weight: initial !important; height: initial !important; letter-spacing: initial !important; min-width: initial !important; max-width: initial !important; min-height: initial !important; max-height: initial !important; margin: auto !important; padding: initial !important; text-align: initial !important; width: initial !important; color: inherit !important; font-size: 13px !important; font-family: X-LocaleSpecific, sans-serif, Tahoma, Helvetica !important; line-height: 13px !important; vertical-align: top !important;\">\n<div id=\"s3gt_translate_tooltip_mini_logo\" class=\"s3gt_translate_tooltip_mini\" title=\"T\u0142umacz zaznaczony tekst\"><\/div>\n<div id=\"s3gt_translate_tooltip_mini_sound\" class=\"s3gt_translate_tooltip_mini\" title=\"Odtw\u00f3rz\"><\/div>\n<div id=\"s3gt_translate_tooltip_mini_copy\" class=\"s3gt_translate_tooltip_mini\" title=\"Kopiuj tekst do schowka\"><\/div>\n<\/div>\n","protected":false},"excerpt":{"rendered":"<p>ksi\u0105\u017cka kamishibai w formie ilustrowanych kart narracyjnych do teatrzyku drewnianego<\/p>\n<p><strong>Tytu\u0142: &#8222;Bajka o \u017babach&#8221;<\/strong><\/p>\n<p><strong><span style=\"vertical-align: inherit;\"><span style=\"vertical-align: inherit;\"><span style=\"vertical-align: inherit;\"><span style=\"vertical-align: inherit;\">Tekst: <\/span><\/span><\/span><\/span><a href=\"https:\/\/www.tibum.pl\/shop\/autorzy\/elek-bendek\"><span style=\"font-size: medium;\"><span style=\"vertical-align: inherit;\"><span style=\"vertical-align: inherit;\"><span style=\"vertical-align: inherit;\"><span style=\"vertical-align: inherit;\">Bendek Elek<\/span><\/span><\/span><\/span><\/span><\/a><\/strong><\/p>\n<p><strong><span style=\"vertical-align: inherit;\"><span style=\"vertical-align: inherit;\">Ilustracje: <\/span><\/span><span style=\"font-size: medium;\"><a href=\"https:\/\/www.tibum.pl\/shop\/autorzy\/laszlo-herbszt\"><span style=\"vertical-align: inherit;\"><span style=\"vertical-align: inherit;\">L<\/span><\/span><span style=\"font-family: Liberation Serif, serif;\"><span style=\"vertical-align: inherit;\"><span style=\"vertical-align: inherit;\">\u00e1<\/span><\/span><\/span><span style=\"vertical-align: inherit;\"><span style=\"vertical-align: inherit;\">szl<\/span><\/span><span style=\"font-family: Liberation Serif, serif;\"><span style=\"vertical-align: inherit;\"><span style=\"vertical-align: inherit;\">\u00f3 <\/span><\/span><\/span><span style=\"vertical-align: inherit;\"><span style=\"vertical-align: inherit;\">Herbszt<\/span><\/span><\/a> <\/span><\/strong><\/p>\n<p><strong><span style=\"vertical-align: inherit;\"><span style=\"vertical-align: inherit;\">Wydanie dwuj\u0119zyczne: polski \/ angielski !<\/span><\/span><\/strong><\/p>\n<p><strong><span style=\"vertical-align: inherit;\"><span style=\"vertical-align: inherit;\"><span style=\"vertical-align: inherit;\"><span style=\"vertical-align: inherit;\">ISBN: 978-83-947587-9-0<\/span><\/span><\/span><\/span><br \/>\n<\/strong><\/p>\n<p>karty narracyjne kamishibai do drewnianego teatrzyku<\/p>\n","protected":false},"featured_media":17127,"template":"","meta":[],"product_brand":[],"product_cat":[18,48],"product_tag":[901,580,900,928,6,475,899,541,221],"class_list":{"0":"post-17124","1":"product","2":"type-product","3":"status-publish","4":"has-post-thumbnail","6":"product_cat-kamishibai","7":"product_cat-karty-narracyjne-do-teatrzyku-kamishibai","8":"product_tag-angielski","9":"product_tag-bajka-kamishibai","10":"product_tag-dwujezyczna","11":"product_tag-humor","12":"product_tag-kamishibai","13":"product_tag-karty-kamishibai","14":"product_tag-przypowiesc","15":"product_tag-teatrzyk-drewniany","16":"product_tag-tibum","17":"product_shipping_class-lekkie1","18":"description-off","20":"first","21":"instock","22":"featured","23":"taxable","24":"shipping-taxable","25":"purchasable","26":"product-type-simple"},"yoast_head":"<!-- This site is optimized with the Yoast SEO plugin v27.3 - https:\/\/yoast.com\/product\/yoast-seo-wordpress\/ -->\n<title>&quot;Bajka o \u017babach&quot;, Bendek Elek, L\u00e1szl\u00f3 Herbszt, 16 dwustronnych kart narracyjnych - Tibum Wydawnictwo Kamishibai - Papierowy Teatr<\/title>\n<meta name=\"robots\" content=\"index, follow, max-snippet:-1, max-image-preview:large, max-video-preview:-1\" \/>\n<link rel=\"canonical\" href=\"https:\/\/www.tibum.pl\/shop\/produkt\/bajka-o-zabach\" \/>\n<meta property=\"og:locale\" content=\"pl_PL\" \/>\n<meta property=\"og:type\" content=\"article\" \/>\n<meta property=\"og:title\" content=\"&quot;Bajka o \u017babach&quot;, Bendek Elek, L\u00e1szl\u00f3 Herbszt, 16 dwustronnych kart narracyjnych - Tibum Wydawnictwo Kamishibai - Papierowy Teatr\" \/>\n<meta property=\"og:description\" content=\"ksi\u0105\u017cka kamishibai w formie ilustrowanych kart narracyjnych do teatrzyku drewnianego  Tytu\u0142: &quot;Bajka o \u017babach&quot;  Tekst: Bendek Elek  Ilustracje: L\u00e1szl\u00f3 Herbszt   Wydanie dwuj\u0119zyczne: polski \/ angielski !  ISBN: 978-83-947587-9-0   karty narracyjne kamishibai do drewnianego teatrzyku\" \/>\n<meta property=\"og:url\" content=\"https:\/\/www.tibum.pl\/shop\/produkt\/bajka-o-zabach\" \/>\n<meta property=\"og:site_name\" content=\"Tibum Wydawnictwo Kamishibai - Papierowy Teatr\" \/>\n<meta property=\"article:publisher\" content=\"https:\/\/www.facebook.com\/PapierowyTeatr\" \/>\n<meta property=\"article:modified_time\" content=\"2025-11-25T13:34:46+00:00\" \/>\n<meta property=\"og:image\" content=\"https:\/\/www.tibum.pl\/shop\/wp-content\/uploads\/okladka_zaby.jpg\" \/>\n\t<meta property=\"og:image:width\" content=\"631\" \/>\n\t<meta property=\"og:image:height\" content=\"456\" \/>\n\t<meta property=\"og:image:type\" content=\"image\/jpeg\" \/>\n<meta name=\"twitter:card\" content=\"summary_large_image\" \/>\n<meta name=\"twitter:label1\" content=\"Szacowany czas czytania\" \/>\n\t<meta name=\"twitter:data1\" content=\"2 minuty\" \/>\n<script type=\"application\/ld+json\" class=\"yoast-schema-graph\">{\"@context\":\"https:\\\/\\\/schema.org\",\"@graph\":[{\"@type\":\"WebPage\",\"@id\":\"https:\\\/\\\/www.tibum.pl\\\/shop\\\/produkt\\\/bajka-o-zabach\",\"url\":\"https:\\\/\\\/www.tibum.pl\\\/shop\\\/produkt\\\/bajka-o-zabach\",\"name\":\"\\\"Bajka o \u017babach\\\", Bendek Elek, L\u00e1szl\u00f3 Herbszt, 16 dwustronnych kart narracyjnych - Tibum Wydawnictwo Kamishibai - Papierowy Teatr\",\"isPartOf\":{\"@id\":\"https:\\\/\\\/www.tibum.pl\\\/shop\\\/#website\"},\"primaryImageOfPage\":{\"@id\":\"https:\\\/\\\/www.tibum.pl\\\/shop\\\/produkt\\\/bajka-o-zabach#primaryimage\"},\"image\":{\"@id\":\"https:\\\/\\\/www.tibum.pl\\\/shop\\\/produkt\\\/bajka-o-zabach#primaryimage\"},\"thumbnailUrl\":\"https:\\\/\\\/www.tibum.pl\\\/shop\\\/wp-content\\\/uploads\\\/okladka_zaby.jpg\",\"datePublished\":\"2021-05-27T09:20:32+00:00\",\"dateModified\":\"2025-11-25T13:34:46+00:00\",\"breadcrumb\":{\"@id\":\"https:\\\/\\\/www.tibum.pl\\\/shop\\\/produkt\\\/bajka-o-zabach#breadcrumb\"},\"inLanguage\":\"pl-PL\",\"potentialAction\":[{\"@type\":\"ReadAction\",\"target\":[\"https:\\\/\\\/www.tibum.pl\\\/shop\\\/produkt\\\/bajka-o-zabach\"]}]},{\"@type\":\"ImageObject\",\"inLanguage\":\"pl-PL\",\"@id\":\"https:\\\/\\\/www.tibum.pl\\\/shop\\\/produkt\\\/bajka-o-zabach#primaryimage\",\"url\":\"https:\\\/\\\/www.tibum.pl\\\/shop\\\/wp-content\\\/uploads\\\/okladka_zaby.jpg\",\"contentUrl\":\"https:\\\/\\\/www.tibum.pl\\\/shop\\\/wp-content\\\/uploads\\\/okladka_zaby.jpg\",\"width\":631,\"height\":456,\"caption\":\"bajka_o_\u017cabach\"},{\"@type\":\"BreadcrumbList\",\"@id\":\"https:\\\/\\\/www.tibum.pl\\\/shop\\\/produkt\\\/bajka-o-zabach#breadcrumb\",\"itemListElement\":[{\"@type\":\"ListItem\",\"position\":1,\"name\":\"Home\",\"item\":\"https:\\\/\\\/www.tibum.pl\\\/shop\\\/\"},{\"@type\":\"ListItem\",\"position\":2,\"name\":\"Sklep\",\"item\":\"https:\\\/\\\/www.tibum.pl\\\/shop\\\/sklep\"},{\"@type\":\"ListItem\",\"position\":3,\"name\":\"&#8222;Bajka o \u017babach&#8221;, Bendek Elek, L\u00e1szl\u00f3 Herbszt, 16 dwustronnych kart narracyjnych\"}]},{\"@type\":\"WebSite\",\"@id\":\"https:\\\/\\\/www.tibum.pl\\\/shop\\\/#website\",\"url\":\"https:\\\/\\\/www.tibum.pl\\\/shop\\\/\",\"name\":\"Tibum Wydawnictwo Kamishibai - Papierowy Teatr\",\"description\":\"wydawca ksi\u0105\u017cek i bajek obrazkowych kamishibai\",\"potentialAction\":[{\"@type\":\"SearchAction\",\"target\":{\"@type\":\"EntryPoint\",\"urlTemplate\":\"https:\\\/\\\/www.tibum.pl\\\/shop\\\/?s={search_term_string}\"},\"query-input\":{\"@type\":\"PropertyValueSpecification\",\"valueRequired\":true,\"valueName\":\"search_term_string\"}}],\"inLanguage\":\"pl-PL\"}]}<\/script>\n<!-- \/ Yoast SEO plugin. -->","yoast_head_json":{"title":"\"Bajka o \u017babach\", Bendek Elek, L\u00e1szl\u00f3 Herbszt, 16 dwustronnych kart narracyjnych - Tibum Wydawnictwo Kamishibai - Papierowy Teatr","robots":{"index":"index","follow":"follow","max-snippet":"max-snippet:-1","max-image-preview":"max-image-preview:large","max-video-preview":"max-video-preview:-1"},"canonical":"https:\/\/www.tibum.pl\/shop\/produkt\/bajka-o-zabach","og_locale":"pl_PL","og_type":"article","og_title":"\"Bajka o \u017babach\", Bendek Elek, L\u00e1szl\u00f3 Herbszt, 16 dwustronnych kart narracyjnych - Tibum Wydawnictwo Kamishibai - Papierowy Teatr","og_description":"ksi\u0105\u017cka kamishibai w formie ilustrowanych kart narracyjnych do teatrzyku drewnianego  Tytu\u0142: \"Bajka o \u017babach\"  Tekst: Bendek Elek  Ilustracje: L\u00e1szl\u00f3 Herbszt   Wydanie dwuj\u0119zyczne: polski \/ angielski !  ISBN: 978-83-947587-9-0   karty narracyjne kamishibai do drewnianego teatrzyku","og_url":"https:\/\/www.tibum.pl\/shop\/produkt\/bajka-o-zabach","og_site_name":"Tibum Wydawnictwo Kamishibai - Papierowy Teatr","article_publisher":"https:\/\/www.facebook.com\/PapierowyTeatr","article_modified_time":"2025-11-25T13:34:46+00:00","og_image":[{"width":631,"height":456,"url":"https:\/\/www.tibum.pl\/shop\/wp-content\/uploads\/okladka_zaby.jpg","type":"image\/jpeg"}],"twitter_card":"summary_large_image","twitter_misc":{"Szacowany czas czytania":"2 minuty"},"schema":{"@context":"https:\/\/schema.org","@graph":[{"@type":"WebPage","@id":"https:\/\/www.tibum.pl\/shop\/produkt\/bajka-o-zabach","url":"https:\/\/www.tibum.pl\/shop\/produkt\/bajka-o-zabach","name":"\"Bajka o \u017babach\", Bendek Elek, L\u00e1szl\u00f3 Herbszt, 16 dwustronnych kart narracyjnych - Tibum Wydawnictwo Kamishibai - Papierowy Teatr","isPartOf":{"@id":"https:\/\/www.tibum.pl\/shop\/#website"},"primaryImageOfPage":{"@id":"https:\/\/www.tibum.pl\/shop\/produkt\/bajka-o-zabach#primaryimage"},"image":{"@id":"https:\/\/www.tibum.pl\/shop\/produkt\/bajka-o-zabach#primaryimage"},"thumbnailUrl":"https:\/\/www.tibum.pl\/shop\/wp-content\/uploads\/okladka_zaby.jpg","datePublished":"2021-05-27T09:20:32+00:00","dateModified":"2025-11-25T13:34:46+00:00","breadcrumb":{"@id":"https:\/\/www.tibum.pl\/shop\/produkt\/bajka-o-zabach#breadcrumb"},"inLanguage":"pl-PL","potentialAction":[{"@type":"ReadAction","target":["https:\/\/www.tibum.pl\/shop\/produkt\/bajka-o-zabach"]}]},{"@type":"ImageObject","inLanguage":"pl-PL","@id":"https:\/\/www.tibum.pl\/shop\/produkt\/bajka-o-zabach#primaryimage","url":"https:\/\/www.tibum.pl\/shop\/wp-content\/uploads\/okladka_zaby.jpg","contentUrl":"https:\/\/www.tibum.pl\/shop\/wp-content\/uploads\/okladka_zaby.jpg","width":631,"height":456,"caption":"bajka_o_\u017cabach"},{"@type":"BreadcrumbList","@id":"https:\/\/www.tibum.pl\/shop\/produkt\/bajka-o-zabach#breadcrumb","itemListElement":[{"@type":"ListItem","position":1,"name":"Home","item":"https:\/\/www.tibum.pl\/shop\/"},{"@type":"ListItem","position":2,"name":"Sklep","item":"https:\/\/www.tibum.pl\/shop\/sklep"},{"@type":"ListItem","position":3,"name":"&#8222;Bajka o \u017babach&#8221;, Bendek Elek, L\u00e1szl\u00f3 Herbszt, 16 dwustronnych kart narracyjnych"}]},{"@type":"WebSite","@id":"https:\/\/www.tibum.pl\/shop\/#website","url":"https:\/\/www.tibum.pl\/shop\/","name":"Tibum Wydawnictwo Kamishibai - Papierowy Teatr","description":"wydawca ksi\u0105\u017cek i bajek obrazkowych kamishibai","potentialAction":[{"@type":"SearchAction","target":{"@type":"EntryPoint","urlTemplate":"https:\/\/www.tibum.pl\/shop\/?s={search_term_string}"},"query-input":{"@type":"PropertyValueSpecification","valueRequired":true,"valueName":"search_term_string"}}],"inLanguage":"pl-PL"}]}},"_links":{"self":[{"href":"https:\/\/www.tibum.pl\/shop\/wp-json\/wp\/v2\/product\/17124","targetHints":{"allow":["GET"]}}],"collection":[{"href":"https:\/\/www.tibum.pl\/shop\/wp-json\/wp\/v2\/product"}],"about":[{"href":"https:\/\/www.tibum.pl\/shop\/wp-json\/wp\/v2\/types\/product"}],"wp:featuredmedia":[{"embeddable":true,"href":"https:\/\/www.tibum.pl\/shop\/wp-json\/wp\/v2\/media\/17127"}],"wp:attachment":[{"href":"https:\/\/www.tibum.pl\/shop\/wp-json\/wp\/v2\/media?parent=17124"}],"wp:term":[{"taxonomy":"product_brand","embeddable":true,"href":"https:\/\/www.tibum.pl\/shop\/wp-json\/wp\/v2\/product_brand?post=17124"},{"taxonomy":"product_cat","embeddable":true,"href":"https:\/\/www.tibum.pl\/shop\/wp-json\/wp\/v2\/product_cat?post=17124"},{"taxonomy":"product_tag","embeddable":true,"href":"https:\/\/www.tibum.pl\/shop\/wp-json\/wp\/v2\/product_tag?post=17124"}],"curies":[{"name":"wp","href":"https:\/\/api.w.org\/{rel}","templated":true}]}}