{"id":18811,"date":"2022-03-10T07:19:19","date_gmt":"2022-03-10T06:19:19","guid":{"rendered":"https:\/\/www.tibum.pl\/shop\/?post_type=product&#038;p=18811"},"modified":"2025-11-26T11:15:09","modified_gmt":"2025-11-26T10:15:09","slug":"pnacza-zmartwien","status":"publish","type":"product","link":"https:\/\/www.tibum.pl\/shop\/produkt\/pnacza-zmartwien","title":{"rendered":"&#8222;Pn\u0105cza zmartwie\u0144&#8221;, Aleksandra Wamka, 19 kart narracyjnych"},"content":{"rendered":"<article>\n<div style=\"text-align: left;\">\n<p><strong> Tytu\u0142: <em>&#8222;<cite>Pn\u0105cza zmartwie\u0144<\/cite><cite>&#8222;<\/cite><\/em><\/strong><\/p>\n<p><strong>Tekst i i<\/strong><strong>lustracje: <a href=\"https:\/\/www.tibum.pl\/shop\/autorzy\/roksana-wamka\">Roksana Wamka<\/a><br \/>\n<\/strong><\/p>\n<p><strong>ISBN: <\/strong><strong>978-83-961120-3-3<\/strong><\/p>\n<p style=\"text-align: right;\"><em>\u00a0&#8222;Prac\u0119 w pe\u0142nej postaci dedykuj\u0119 kochanemu Mel&#8221;<\/em><\/p>\n<p style=\"text-align: right;\">autorka<\/p>\n<\/div>\n<\/article>\n<p style=\"text-align: left;\"><strong>ksi\u0105\u017cka kamishibai w formie ilustrowanych kart narracyjnych do teatrzyku kamishibai<\/strong><\/p>\n<p style=\"text-align: left;\"><strong>Kamishibai komiksowe &#8211; polska\u00a0 premiera!<\/strong><\/p>\n<p style=\"text-align: left;\">Opowie\u015b\u0107 o smutku w m\u0142odym wieku. Jak przychodzi i rozgaszcza si\u0119 w nas oraz o tym jak mo\u017cna go uleczy\u0107. Wizja depresji oczami m\u0142odej, utalentowanej artystki, w du\u017cej mierze oparta na jej osobistych do\u015bwiadczeniach. Wyj\u0105tkowe, komiksowe ilustracje przemawiaj\u0105 do m\u0142odych os\u00f3b, niezwykle wyrazista kredka oraz pi\u0119kny tekst zwiastuj\u0105 dojrzewaj\u0105cy, niebywa\u0142y talent m\u0142odej ilustratorki.<\/p>\n<blockquote><p>&#8222;<em>Autorka przekonuje, \u017ce bohaterowie historii uosabiaj\u0105 ka\u017cdego z nas. Przedstawia zmartwienia, kt\u00f3re mog\u0105 mie\u0107 przyt\u0142aczaj\u0105cy wp\u0142yw na cz\u0142owieka. Jednocze\u015bnie ilustracje pokazuj\u0105, \u017ce to co wok\u00f3\u0142 nas mo\u017ce oderwa\u0107 nas od pi\u0119trz\u0105cych si\u0119 problem\u00f3w i niepokoju. G\u0142\u00f3wnemu bohaterowi pomaga ogrodnictwo, kt\u00f3re go pasjonuje &#8211; wyznaje Roksana. &#8211; Ro\u015bliny odwracaj\u0105 jego uwag\u0119 od zmartwie\u0144, dzi\u0119ki czemu \u201cwraca do siebie\u201d i jest w stanie \u017cy\u0107 dalej. S\u0105 one r\u00f3wnie\u017c wa\u017cnym elementem dekoracyjnym w opowie\u015bci, zwiastuj\u0105 bowiem zdrowienie. Dodatkowo, na ko\u0144cu historii pojawia si\u0119 wa\u017cna posta\u0107. Kto\u015b, kto daje bohaterowi wsparcie i blisko\u015b\u0107 a tym samym jest to osoba, kt\u00f3r\u0105 bohater boi si\u0119 straci\u0107.<\/em>&#8221; nswiecie.pl<\/p><\/blockquote>\n<p style=\"text-align: left;\"><strong>Ksi\u0105\u017cka w formie kart narracyjnych kamishibai powsta\u0142a dzi\u0119ki fascynacji teatrem kamishibai pana \u0141ukasza Wiese, wyj\u0105tkowego nauczyciela z Zespo\u0142u Szk\u00f3\u0142 Plastycznych w Bydgoszczy.<\/strong><\/p>\n<p style=\"text-align: left;\"><strong>Konsultacja psychologiczna: Tomasz Wojtasik &#8211; Regionalny O\u015brodek Metodyczno-Edukacyjny <a href=\"https:\/\/www.metis.pl\/\">Metis<\/a> w Katowicach.<\/strong><\/p>\n<p>Opowie\u015b\u0107 o charakterze terapeutycznym.<\/p>\n<p>Dla dzieci i m\u0142odzie\u017cy od lat 10<\/p>\n<article><\/article>\n<p>Wydawnictwo: Wydawnictwo Tibum<br \/>\nWymiary: <strong> A3 (297\/420 mm)<\/strong><br \/>\nLiczba kart: 17 (dwustronnych)<br \/>\nIlo\u015b\u0107 stron: 34 (tekst, ilustracje)<br \/>\nRok wydania: 2022<br \/>\nOprawa: kartonowa koperta<\/p>\n<p>&nbsp;<\/p>\n<p style=\"font-size: small; font-weight: normal;\"><strong>Uwaga:<\/strong><br \/>\nZdj\u0119cia w galerii produktu mog\u0105 zawiera\u0107 inne przedmioty np. ksi\u0105\u017cki, teatrzyki-parawany, kt\u00f3re s\u0105 osobno zamawianymi pozycjami<\/p>\n<div id=\"s3gt_translate_tooltip_mini\" class=\"s3gt_translate_tooltip_mini_box\" style=\"background: initial !important; border: initial !important; border-radius: initial !important; border-spacing: initial !important; border-collapse: initial !important; direction: ltr !important; flex-direction: initial !important; font-weight: initial !important; height: initial !important; letter-spacing: initial !important; min-width: initial !important; max-width: initial !important; min-height: initial !important; max-height: initial !important; margin: auto !important; padding: initial !important; text-align: initial !important; width: initial !important; color: inherit !important; font-size: 13px !important; font-family: X-LocaleSpecific, sans-serif, Tahoma, Helvetica !important; line-height: 13px !important; vertical-align: top !important;\">\n<div id=\"s3gt_translate_tooltip_mini_logo\" class=\"s3gt_translate_tooltip_mini\" title=\"T\u0142umacz zaznaczony tekst\"><\/div>\n<div id=\"s3gt_translate_tooltip_mini_sound\" class=\"s3gt_translate_tooltip_mini\" title=\"Odtw\u00f3rz\"><\/div>\n<div id=\"s3gt_translate_tooltip_mini_copy\" class=\"s3gt_translate_tooltip_mini\" title=\"Kopiuj tekst do schowka\"><\/div>\n<\/div>\n","protected":false},"excerpt":{"rendered":"<p>ksi\u0105\u017cka kamishibai w formie ilustrowanych kart narracyjnych do teatrzyku drewnianego<\/p>\n<p><strong>Tytu\u0142: &#8222;Pn\u0105cza zmartwie\u0144&#8221;<\/strong><\/p>\n<p><strong>Tekst i i<\/strong><strong>lustracje: <a href=\"https:\/\/www.tibum.pl\/shop\/autorzy\/roksana-wamka\">Roksana Wamka<\/a><br \/>\n<\/strong><\/p>\n<p><strong>ISBN:\u00a0<\/strong><strong>978-83-961120-3-3<\/strong><\/p>\n<p>karty narracyjne kamishibai do drewnianego teatrzyku butai<\/p>\n","protected":false},"featured_media":18812,"template":"","meta":[],"product_brand":[],"product_cat":[18,48],"product_tag":[580,822,836,835,6,894,893,345,541,221],"class_list":{"0":"post-18811","1":"product","2":"type-product","3":"status-publish","4":"has-post-thumbnail","6":"product_cat-kamishibai","7":"product_cat-karty-narracyjne-do-teatrzyku-kamishibai","8":"product_tag-bajka-kamishibai","9":"product_tag-bajka-terapeutyczna","10":"product_tag-depresja","11":"product_tag-drewniany-teatrzyk","12":"product_tag-kamishibai","13":"product_tag-komiks","14":"product_tag-lek","15":"product_tag-papierowy-teatr","16":"product_tag-teatrzyk-drewniany","17":"product_tag-tibum","18":"product_shipping_class-lekkie1","19":"description-off","21":"first","22":"instock","23":"featured","24":"taxable","25":"shipping-taxable","26":"purchasable","27":"product-type-simple"},"yoast_head":"<!-- This site is optimized with the Yoast SEO plugin v27.3 - https:\/\/yoast.com\/product\/yoast-seo-wordpress\/ -->\n<title>&quot;Pn\u0105cza zmartwie\u0144&quot;, Aleksandra Wamka, 19 kart narracyjnych - Tibum Wydawnictwo Kamishibai - Papierowy Teatr<\/title>\n<meta name=\"robots\" content=\"index, follow, max-snippet:-1, max-image-preview:large, max-video-preview:-1\" \/>\n<link rel=\"canonical\" href=\"https:\/\/www.tibum.pl\/shop\/produkt\/pnacza-zmartwien\" \/>\n<meta property=\"og:locale\" content=\"pl_PL\" \/>\n<meta property=\"og:type\" content=\"article\" \/>\n<meta property=\"og:title\" content=\"&quot;Pn\u0105cza zmartwie\u0144&quot;, Aleksandra Wamka, 19 kart narracyjnych - Tibum Wydawnictwo Kamishibai - Papierowy Teatr\" \/>\n<meta property=\"og:description\" content=\"ksi\u0105\u017cka kamishibai w formie ilustrowanych kart narracyjnych do teatrzyku drewnianego  Tytu\u0142: &quot;Pn\u0105cza zmartwie\u0144&quot;  Tekst i ilustracje: Roksana Wamka   ISBN:\u00a0978-83-961120-3-3  karty narracyjne kamishibai do drewnianego teatrzyku butai\" \/>\n<meta property=\"og:url\" content=\"https:\/\/www.tibum.pl\/shop\/produkt\/pnacza-zmartwien\" \/>\n<meta property=\"og:site_name\" content=\"Tibum Wydawnictwo Kamishibai - Papierowy Teatr\" \/>\n<meta property=\"article:publisher\" content=\"https:\/\/www.facebook.com\/PapierowyTeatr\" \/>\n<meta property=\"article:modified_time\" content=\"2025-11-26T10:15:09+00:00\" \/>\n<meta property=\"og:image\" content=\"https:\/\/www.tibum.pl\/shop\/wp-content\/uploads\/okladka_v3m.jpg\" \/>\n\t<meta property=\"og:image:width\" content=\"800\" \/>\n\t<meta property=\"og:image:height\" content=\"589\" \/>\n\t<meta property=\"og:image:type\" content=\"image\/jpeg\" \/>\n<meta name=\"twitter:card\" content=\"summary_large_image\" \/>\n<meta name=\"twitter:label1\" content=\"Szacowany czas czytania\" \/>\n\t<meta name=\"twitter:data1\" content=\"2 minuty\" \/>\n<script type=\"application\/ld+json\" class=\"yoast-schema-graph\">{\"@context\":\"https:\\\/\\\/schema.org\",\"@graph\":[{\"@type\":\"WebPage\",\"@id\":\"https:\\\/\\\/www.tibum.pl\\\/shop\\\/produkt\\\/pnacza-zmartwien\",\"url\":\"https:\\\/\\\/www.tibum.pl\\\/shop\\\/produkt\\\/pnacza-zmartwien\",\"name\":\"\\\"Pn\u0105cza zmartwie\u0144\\\", Aleksandra Wamka, 19 kart narracyjnych - Tibum Wydawnictwo Kamishibai - Papierowy Teatr\",\"isPartOf\":{\"@id\":\"https:\\\/\\\/www.tibum.pl\\\/shop\\\/#website\"},\"primaryImageOfPage\":{\"@id\":\"https:\\\/\\\/www.tibum.pl\\\/shop\\\/produkt\\\/pnacza-zmartwien#primaryimage\"},\"image\":{\"@id\":\"https:\\\/\\\/www.tibum.pl\\\/shop\\\/produkt\\\/pnacza-zmartwien#primaryimage\"},\"thumbnailUrl\":\"https:\\\/\\\/www.tibum.pl\\\/shop\\\/wp-content\\\/uploads\\\/okladka_v3m.jpg\",\"datePublished\":\"2022-03-10T06:19:19+00:00\",\"dateModified\":\"2025-11-26T10:15:09+00:00\",\"breadcrumb\":{\"@id\":\"https:\\\/\\\/www.tibum.pl\\\/shop\\\/produkt\\\/pnacza-zmartwien#breadcrumb\"},\"inLanguage\":\"pl-PL\",\"potentialAction\":[{\"@type\":\"ReadAction\",\"target\":[\"https:\\\/\\\/www.tibum.pl\\\/shop\\\/produkt\\\/pnacza-zmartwien\"]}]},{\"@type\":\"ImageObject\",\"inLanguage\":\"pl-PL\",\"@id\":\"https:\\\/\\\/www.tibum.pl\\\/shop\\\/produkt\\\/pnacza-zmartwien#primaryimage\",\"url\":\"https:\\\/\\\/www.tibum.pl\\\/shop\\\/wp-content\\\/uploads\\\/okladka_v3m.jpg\",\"contentUrl\":\"https:\\\/\\\/www.tibum.pl\\\/shop\\\/wp-content\\\/uploads\\\/okladka_v3m.jpg\",\"width\":800,\"height\":589},{\"@type\":\"BreadcrumbList\",\"@id\":\"https:\\\/\\\/www.tibum.pl\\\/shop\\\/produkt\\\/pnacza-zmartwien#breadcrumb\",\"itemListElement\":[{\"@type\":\"ListItem\",\"position\":1,\"name\":\"Home\",\"item\":\"https:\\\/\\\/www.tibum.pl\\\/shop\\\/\"},{\"@type\":\"ListItem\",\"position\":2,\"name\":\"Sklep\",\"item\":\"https:\\\/\\\/www.tibum.pl\\\/shop\\\/sklep\"},{\"@type\":\"ListItem\",\"position\":3,\"name\":\"&#8222;Pn\u0105cza zmartwie\u0144&#8221;, Aleksandra Wamka, 19 kart narracyjnych\"}]},{\"@type\":\"WebSite\",\"@id\":\"https:\\\/\\\/www.tibum.pl\\\/shop\\\/#website\",\"url\":\"https:\\\/\\\/www.tibum.pl\\\/shop\\\/\",\"name\":\"Tibum Wydawnictwo Kamishibai - Papierowy Teatr\",\"description\":\"wydawca ksi\u0105\u017cek i bajek obrazkowych kamishibai\",\"potentialAction\":[{\"@type\":\"SearchAction\",\"target\":{\"@type\":\"EntryPoint\",\"urlTemplate\":\"https:\\\/\\\/www.tibum.pl\\\/shop\\\/?s={search_term_string}\"},\"query-input\":{\"@type\":\"PropertyValueSpecification\",\"valueRequired\":true,\"valueName\":\"search_term_string\"}}],\"inLanguage\":\"pl-PL\"}]}<\/script>\n<!-- \/ Yoast SEO plugin. -->","yoast_head_json":{"title":"\"Pn\u0105cza zmartwie\u0144\", Aleksandra Wamka, 19 kart narracyjnych - Tibum Wydawnictwo Kamishibai - Papierowy Teatr","robots":{"index":"index","follow":"follow","max-snippet":"max-snippet:-1","max-image-preview":"max-image-preview:large","max-video-preview":"max-video-preview:-1"},"canonical":"https:\/\/www.tibum.pl\/shop\/produkt\/pnacza-zmartwien","og_locale":"pl_PL","og_type":"article","og_title":"\"Pn\u0105cza zmartwie\u0144\", Aleksandra Wamka, 19 kart narracyjnych - Tibum Wydawnictwo Kamishibai - Papierowy Teatr","og_description":"ksi\u0105\u017cka kamishibai w formie ilustrowanych kart narracyjnych do teatrzyku drewnianego  Tytu\u0142: \"Pn\u0105cza zmartwie\u0144\"  Tekst i ilustracje: Roksana Wamka   ISBN:\u00a0978-83-961120-3-3  karty narracyjne kamishibai do drewnianego teatrzyku butai","og_url":"https:\/\/www.tibum.pl\/shop\/produkt\/pnacza-zmartwien","og_site_name":"Tibum Wydawnictwo Kamishibai - Papierowy Teatr","article_publisher":"https:\/\/www.facebook.com\/PapierowyTeatr","article_modified_time":"2025-11-26T10:15:09+00:00","og_image":[{"width":800,"height":589,"url":"https:\/\/www.tibum.pl\/shop\/wp-content\/uploads\/okladka_v3m.jpg","type":"image\/jpeg"}],"twitter_card":"summary_large_image","twitter_misc":{"Szacowany czas czytania":"2 minuty"},"schema":{"@context":"https:\/\/schema.org","@graph":[{"@type":"WebPage","@id":"https:\/\/www.tibum.pl\/shop\/produkt\/pnacza-zmartwien","url":"https:\/\/www.tibum.pl\/shop\/produkt\/pnacza-zmartwien","name":"\"Pn\u0105cza zmartwie\u0144\", Aleksandra Wamka, 19 kart narracyjnych - Tibum Wydawnictwo Kamishibai - Papierowy Teatr","isPartOf":{"@id":"https:\/\/www.tibum.pl\/shop\/#website"},"primaryImageOfPage":{"@id":"https:\/\/www.tibum.pl\/shop\/produkt\/pnacza-zmartwien#primaryimage"},"image":{"@id":"https:\/\/www.tibum.pl\/shop\/produkt\/pnacza-zmartwien#primaryimage"},"thumbnailUrl":"https:\/\/www.tibum.pl\/shop\/wp-content\/uploads\/okladka_v3m.jpg","datePublished":"2022-03-10T06:19:19+00:00","dateModified":"2025-11-26T10:15:09+00:00","breadcrumb":{"@id":"https:\/\/www.tibum.pl\/shop\/produkt\/pnacza-zmartwien#breadcrumb"},"inLanguage":"pl-PL","potentialAction":[{"@type":"ReadAction","target":["https:\/\/www.tibum.pl\/shop\/produkt\/pnacza-zmartwien"]}]},{"@type":"ImageObject","inLanguage":"pl-PL","@id":"https:\/\/www.tibum.pl\/shop\/produkt\/pnacza-zmartwien#primaryimage","url":"https:\/\/www.tibum.pl\/shop\/wp-content\/uploads\/okladka_v3m.jpg","contentUrl":"https:\/\/www.tibum.pl\/shop\/wp-content\/uploads\/okladka_v3m.jpg","width":800,"height":589},{"@type":"BreadcrumbList","@id":"https:\/\/www.tibum.pl\/shop\/produkt\/pnacza-zmartwien#breadcrumb","itemListElement":[{"@type":"ListItem","position":1,"name":"Home","item":"https:\/\/www.tibum.pl\/shop\/"},{"@type":"ListItem","position":2,"name":"Sklep","item":"https:\/\/www.tibum.pl\/shop\/sklep"},{"@type":"ListItem","position":3,"name":"&#8222;Pn\u0105cza zmartwie\u0144&#8221;, Aleksandra Wamka, 19 kart narracyjnych"}]},{"@type":"WebSite","@id":"https:\/\/www.tibum.pl\/shop\/#website","url":"https:\/\/www.tibum.pl\/shop\/","name":"Tibum Wydawnictwo Kamishibai - Papierowy Teatr","description":"wydawca ksi\u0105\u017cek i bajek obrazkowych kamishibai","potentialAction":[{"@type":"SearchAction","target":{"@type":"EntryPoint","urlTemplate":"https:\/\/www.tibum.pl\/shop\/?s={search_term_string}"},"query-input":{"@type":"PropertyValueSpecification","valueRequired":true,"valueName":"search_term_string"}}],"inLanguage":"pl-PL"}]}},"_links":{"self":[{"href":"https:\/\/www.tibum.pl\/shop\/wp-json\/wp\/v2\/product\/18811","targetHints":{"allow":["GET"]}}],"collection":[{"href":"https:\/\/www.tibum.pl\/shop\/wp-json\/wp\/v2\/product"}],"about":[{"href":"https:\/\/www.tibum.pl\/shop\/wp-json\/wp\/v2\/types\/product"}],"wp:featuredmedia":[{"embeddable":true,"href":"https:\/\/www.tibum.pl\/shop\/wp-json\/wp\/v2\/media\/18812"}],"wp:attachment":[{"href":"https:\/\/www.tibum.pl\/shop\/wp-json\/wp\/v2\/media?parent=18811"}],"wp:term":[{"taxonomy":"product_brand","embeddable":true,"href":"https:\/\/www.tibum.pl\/shop\/wp-json\/wp\/v2\/product_brand?post=18811"},{"taxonomy":"product_cat","embeddable":true,"href":"https:\/\/www.tibum.pl\/shop\/wp-json\/wp\/v2\/product_cat?post=18811"},{"taxonomy":"product_tag","embeddable":true,"href":"https:\/\/www.tibum.pl\/shop\/wp-json\/wp\/v2\/product_tag?post=18811"}],"curies":[{"name":"wp","href":"https:\/\/api.w.org\/{rel}","templated":true}]}}