{"id":20695,"date":"2024-01-25T17:27:27","date_gmt":"2024-01-25T16:27:27","guid":{"rendered":"https:\/\/www.tibum.pl\/shop\/?post_type=product&#038;p=20695"},"modified":"2026-03-27T17:00:54","modified_gmt":"2026-03-27T16:00:54","slug":"szkolenie-storytelling-online","status":"publish","type":"product","link":"https:\/\/www.tibum.pl\/shop\/produkt\/szkolenie-storytelling-online","title":{"rendered":"Szkolenie storytelling w edukacji &#8211; online 09.04.2026"},"content":{"rendered":"<div class=\"wpb-content-wrapper\"><p>[vc_row][vc_column][vc_column_text css=&#8221;&#8221;]<\/p>\n<div class=\"tribe-events-single-event-description tribe-events-content\">\n<div class=\"tribe-events-schedule tribe-clearfix\">\n<h2><span class=\"tribe-event-date-start\"><span style=\"vertical-align: inherit;\"><span class=\"\" style=\"vertical-align: inherit;\">09.04.2026 17:00<\/span><\/span><\/span><span style=\"vertical-align: inherit;\"><span class=\"\" style=\"vertical-align: inherit;\"> &#8211; <\/span><\/span><span class=\"tribe-event-time\"><span style=\"vertical-align: inherit;\"><span class=\"\" style=\"vertical-align: inherit;\">20:00<\/span><\/span><\/span><\/h2>\n<p><span style=\"vertical-align: inherit;\"><span style=\"vertical-align: inherit;\">Organizator: <\/span><\/span><strong>Wydawnictwo Tibum<br \/>\n<\/strong><\/p>\n<p><strong>Szkolenie prowadzi: <a href=\"https:\/\/www.tibum.pl\/shop\/autorzy\/zofia-piatkowska\">Zofia Pi\u0105tkowska<\/a><\/strong><\/p>\n<\/div>\n<p><strong>SZKOLENIE ONLINE &#8211; na \u017cywo, platforma ZOOM<br \/>\n<\/strong><\/p>\n<p>Ilo\u015b\u0107 miejsc ograniczona<\/p>\n<p>Wystawiamy faktury VAT &#8211; prosimy o podanie danych do faktury podczas wype\u0142niania formularza zakupu<\/p>\n<p>SZKOLENIE CERTYFIKOWANE<\/p>\n<h2 class=\"tribe-events-single-event-title\"><a href=\"https:\/\/kamishibai.pl\/storytelling\/\">Informacje o szkoleniu<\/a><\/h2>\n<p><strong>Storytelling to sztuka tworzenia i opowiadania historii.<\/strong><\/p>\n<p>&nbsp;<\/p>\n<blockquote><p><em>&#8222;Ka\u017cda dobra historia mo\u017ce by\u0107 wykorzystana jako narz\u0119dzie komunikacji, mo\u017ce by\u0107 sygna\u0142em dla s\u0142uchacza, \u017ce chcemy nawi\u0105za\u0107 z nim kontakt, \u017ce nam na nim zale\u017cy, \u017ce jest dla nas wa\u017cny.&#8221;<\/em><\/p><\/blockquote>\n<\/div>\n<p><!--more--><\/p>\n<h2 class=\"western\">Storytelling dla os\u00f3b pracuj\u0105cych z dzie\u0107mi<\/h2>\n<p>Storytelling to sprawdzone, jedno z najstarszych narz\u0119dzi w pracy z dzie\u0107mi. Dobra opowie\u015b\u0107 nie tylko bawi \u2014 pomaga zrozumie\u0107 siebie, innych i \u015bwiat. Dzieci naturalnie wchodz\u0105 w historie, bo my\u015bl\u0105 obrazami i czuj\u0105 g\u0142\u0119boko.<br \/>\nPoprzez postacie, zdarzenia i wybory bohater\u00f3w ucz\u0105 si\u0119, jak dzia\u0142a \u015bwiat emocji, relacji i warto\u015bci.<br \/>\nDla opowiadaj\u0105cego to r\u00f3wnie\u017c droga \u2014 mo\u017cna przekaza\u0107 wa\u017cne tre\u015bci, nie narzucaj\u0105c ich wprost ale autentycznie przekonuj\u0105c do nich.<br \/>\nOpowie\u015b\u0107 zapami\u0119tuje si\u0119 \u0142atwiej ni\u017c regu\u0142k\u0119, bo anga\u017cuje serce i wyobra\u017ani\u0119.<br \/>\nOpowie\u015b\u0107 mo\u017ce wspiera\u0107 rozw\u00f3j j\u0119zyka, empatii, my\u015blenia krytycznego, a tak\u017ce budowa\u0107 wi\u0119\u017a w grupie.<br \/>\nPisz\u0105c lub tworz\u0105c histori\u0119 dla dzieci, warto pami\u0119ta\u0107: prostota nie oznacza banalno\u015bci.<br \/>\nDzieci wyczuwaj\u0105 fa\u0142sz, ale potrafi\u0105 wej\u015b\u0107 w \u015bwiat symboli z niesamowit\u0105 otwarto\u015bci\u0105.<br \/>\nDlatego, ka\u017cda opowie\u015b\u0107 mo\u017ce sta\u0107 si\u0119 mostem \u2014 mi\u0119dzy dzieckiem a \u015bwiatem, mi\u0119dzy wiedz\u0105 a do\u015bwiadczeniem.<\/p>\n<p>&nbsp;<\/p>\n<div class=\"tribe-events-single-event-description tribe-events-content\">\n<p>Podczas warsztatu nab\u0119dziesz wiedz\u0119 praktyczn\u0105 na temat<strong> STORYTELLINGU.<\/strong> Szkolenie przybli\u017ca techniki pisania, opowiadania i konstruowania story &#8211; opowie\u015bci na wybrany temat. Je\u015bli chcesz wzbogaci\u0107 sw\u00f3j warsztat pracy o narz\u0119dzie jakim jest storytelling zar\u00f3wno s\u0142owny jak i obrazowy to jest to szkolenie dla Ciebie.<\/p>\n<\/div>\n<div class=\"tribe-events-single-event-description tribe-events-content\">\n<p><strong>Szkolenie jest r\u00f3wnie\u017c uzupe\u0142nieniem<\/strong><\/p>\n<p><strong> i rozszerzeniem wiedzy na temat teatru <a title=\"Edukacja i zabawa z kamishibai\" href=\"https:\/\/www.tibum.pl\/shop\/edukacja\">kamishibai<\/a> i pokazuje w jaki spos\u00f3b samodzielnie lub w grupie tworzy\u0107 opowie\u015bci kamishibai.<\/strong><\/p>\n<p>&nbsp;<\/p>\n<p><img decoding=\"async\" class=\"alignnone size-medium wp-image-12757\" src=\"https:\/\/www.tibum.pl\/shop\/wp-content\/uploads\/7-2-339x250.jpg\" alt=\"\" width=\"339\" height=\"250\" srcset=\"https:\/\/www.tibum.pl\/shop\/wp-content\/uploads\/7-2-339x250.jpg 339w, https:\/\/www.tibum.pl\/shop\/wp-content\/uploads\/7-2-200x148.jpg 200w, https:\/\/www.tibum.pl\/shop\/wp-content\/uploads\/7-2-30x22.jpg 30w, https:\/\/www.tibum.pl\/shop\/wp-content\/uploads\/7-2.jpg 400w\" sizes=\"(max-width: 339px) 100vw, 339px\" \/><\/p>\n<p>&nbsp;<\/p>\n<div class=\"elementor-element elementor-element-142dc6a elementor-widget elementor-widget-heading\" data-id=\"142dc6a\" data-element_type=\"widget\" data-widget_type=\"heading.default\">\n<div class=\"elementor-widget-container\">\n<h2 class=\"elementor-heading-title elementor-size-default\">PLAN SZKOLENIA<\/h2>\n<\/div>\n<\/div>\n<div class=\"elementor-element elementor-element-b4b42c4 elementor-widget elementor-widget-text-editor\" data-id=\"b4b42c4\" data-element_type=\"widget\" data-widget_type=\"text-editor.default\">\n<div class=\"elementor-widget-container\">\n<ol>\n<li>Aktywne metody uczenia \u2013 czym s\u0105 i jak je stosowa\u0107 czyli tworzymy sytuacje edukacyjn\u0105<\/li>\n<li>Sztuka opowiadania \u2013 jak czyta\u0107 obraz \u2013 \u0107wiczymy z visual literacy.<\/li>\n<li>Karty metaforyczne \u2013 szukamy opowie\u015bci \u2013 gdzie j\u0105 znale\u017a\u0107? czym jest? &#8211; \u0107wiczenie.<\/li>\n<li>Wystarczaj\u0105co dobra opowie\u015b\u0107 \u2013 \u0107wiczenie<\/li>\n<li>Teoria podw\u00f3jnego kodowania w pracy z dzie\u0107mi i m\u0142odzie\u017c\u0105 \u2013 <a title=\"Kamishibai \u2013 materia\u0142y do pobrania\" href=\"https:\/\/www.tibum.pl\/shop\/kamishibai-do-pobrania\">kamishibai.<\/a><\/li>\n<li>Rozwojowe elementy <a title=\"Leszy \u2013 opiekun puszczy. Ba\u015b\u0144 s\u0142owia\u0144ska\" href=\"https:\/\/www.tibum.pl\/shop\/produkt\/leszy-opiekun-puszczy\">pracy z opowie\u015bci\u0105<\/a>.<\/li>\n<li>Opowie\u015b\u0107 bez s\u0142\u00f3w \u2013 \u0107wiczenie.<\/li>\n<li>Storytelling \u2013 rodzaje, zastosowanie, schemat tworzenia story.<\/li>\n<li>Tworzymy opowie\u015b\u0107 wra\u017ceniow\u0105 &#8211; \u0107wiczenie.<\/li>\n<li>Budowanie kontekstu &#8211; jak nawi\u0105za\u0107 relacj\u0119 z odbiorc\u0105.<\/li>\n<\/ol>\n<\/div>\n<\/div>\n<div class=\"elementor-element elementor-element-6a03f0e7 elementor-widget elementor-widget-text-editor\" data-id=\"6a03f0e7\" data-element_type=\"widget\" data-widget_type=\"text-editor.default\">\n<div class=\"elementor-widget-container\">\n<h2>Po szkoleniu:<\/h2>\n<ul>\n<li>wiesz czym jest j\u0119zyk wizualny i jak wp\u0142ywa na proces uczenia si\u0119,<\/li>\n<li>znasz podstawowe zasady storytellingu \u2013 tworzenia opowie\u015bci,<\/li>\n<li>potrafisz stworzy\u0107 w\u0142asn\u0105 opowie\u015b\u0107 oraz przedstawi\u0107 j\u0105 w atrakcyjny spos\u00f3b,<\/li>\n<li>zdob\u0119dziesz umiej\u0119tno\u015b\u0107 tworzenia relacji ze s\u0142uchaczem poprzez opowie\u015b\u0107,<\/li>\n<li>odkryjesz tw\u00f3rcze mo\u017cliwo\u015bci w kreatywnej pracy zespo\u0142owej \u2013 metoda projektu<\/li>\n<\/ul>\n<p>&nbsp;<\/p>\n<\/div>\n<\/div>\n<\/div>\n<div><\/div>\n<div>\n<p>Dla uczestnik\u00f3w szkolenia materia\u0142y ze szkolenia w formie PDF oraz certyfikat.<\/p>\n<p>Zapraszamy !<\/p>\n<\/div>\n<div class=\"tribe-events-single-event-description tribe-events-content\">\n<div class=\"elementor-element elementor-element-142dc6a elementor-widget elementor-widget-heading\" data-id=\"142dc6a\" data-element_type=\"widget\" data-widget_type=\"heading.default\">\n<div><\/div>\n<\/div>\n<div class=\"elementor-element elementor-element-b4b42c4 elementor-widget elementor-widget-text-editor\" data-id=\"b4b42c4\" data-element_type=\"widget\" data-widget_type=\"text-editor.default\">\n<div class=\"elementor-widget-container\">\n<p><img decoding=\"async\" class=\"size-medium wp-image-13307\" src=\"https:\/\/www.tibum.pl\/shop\/wp-content\/uploads\/20190410_170925-353x198.jpg\" alt=\"szkolenie kamishibai tibum\" width=\"353\" height=\"198\" srcset=\"https:\/\/www.tibum.pl\/shop\/wp-content\/uploads\/20190410_170925-353x198.jpg 353w, https:\/\/www.tibum.pl\/shop\/wp-content\/uploads\/20190410_170925-640x359.jpg 640w, https:\/\/www.tibum.pl\/shop\/wp-content\/uploads\/20190410_170925-200x112.jpg 200w, https:\/\/www.tibum.pl\/shop\/wp-content\/uploads\/20190410_170925-768x431.jpg 768w, https:\/\/www.tibum.pl\/shop\/wp-content\/uploads\/20190410_170925-1024x575.jpg 1024w, https:\/\/www.tibum.pl\/shop\/wp-content\/uploads\/20190410_170925-30x17.jpg 30w, https:\/\/www.tibum.pl\/shop\/wp-content\/uploads\/20190410_170925.jpg 1824w\" sizes=\"(max-width: 353px) 100vw, 353px\" \/><\/p>\n<\/div>\n<\/div>\n<\/div>\n<p>[\/vc_column_text][\/vc_column][\/vc_row]<\/p>\n<\/div>","protected":false},"excerpt":{"rendered":"<header class=\"tribe-events-calendar-list__event-header\"><\/header>\n<div class=\"tribe-events-calendar-list__event-description tribe-common-b2 tribe-common-a11y-hidden\">\n<h2 class=\"tribe-events-single-event-title\"><\/h2>\n<p>Aby si\u0119 zapisa\u0107 &#8211; kup bilet<\/p>\n<p>Ilo\u015b\u0107 miejsc ograniczona.<\/p>\n<\/div>\n<div class=\"tribe-events-c-small-cta tribe-common-b3 tribe-events-calendar-list__event-cost\"><span class=\"tribe-events-c-small-cta__price\"><span style=\"vertical-align: inherit;\"><span style=\"vertical-align: inherit;\">180 z\u0142<\/span><\/span><\/span><\/div>\n","protected":false},"featured_media":21985,"template":"","meta":[],"product_brand":[],"product_cat":[859],"product_tag":[932,6,350,933,930,572,931],"class_list":{"0":"post-20695","1":"product","2":"type-product","3":"status-publish","4":"has-post-thumbnail","6":"product_cat-online","7":"product_tag-budowanie-kontekstu","8":"product_tag-kamishibai","9":"product_tag-opowiadanie","10":"product_tag-opowiesc-obrazowa","11":"product_tag-pisanie-intuicyjne","12":"product_tag-storytelling","13":"product_tag-tworzenie-opowiesci","14":"description-off","16":"first","17":"instock","18":"featured","19":"virtual","20":"taxable","21":"purchasable","22":"product-type-simple"},"yoast_head":"<!-- This site is optimized with the Yoast SEO plugin v27.3 - https:\/\/yoast.com\/product\/yoast-seo-wordpress\/ -->\n<title>Szkolenie storytelling w edukacji - online 09.04.2026 - Tibum Wydawnictwo Kamishibai - Papierowy Teatr<\/title>\n<meta name=\"description\" content=\"Szkolenie storytelling w edukacji. Jak tworzy kr\u00f3tkie, wci\u0105gaj\u0105ce opowie\u015bci. Gdzie szuka\u0107 inspiracji, jak tworzy przestrze\u0144 dla opowie\u015bci. Pisanie intuicyjne. Opowiadanie obrazem. Praktyczne szkolenie gdzie uczymy si\u0119 tworzy opowie\u015bci.\" \/>\n<meta name=\"robots\" content=\"index, follow, max-snippet:-1, max-image-preview:large, max-video-preview:-1\" \/>\n<link rel=\"canonical\" href=\"https:\/\/www.tibum.pl\/shop\/produkt\/szkolenie-storytelling-online\" \/>\n<meta property=\"og:locale\" content=\"pl_PL\" \/>\n<meta property=\"og:type\" content=\"article\" \/>\n<meta property=\"og:title\" content=\"Szkolenie storytelling w edukacji - online 09.04.2026 - Tibum Wydawnictwo Kamishibai - Papierowy Teatr\" \/>\n<meta property=\"og:description\" content=\"Szkolenie storytelling w edukacji. Jak tworzy kr\u00f3tkie, wci\u0105gaj\u0105ce opowie\u015bci. Gdzie szuka\u0107 inspiracji, jak tworzy przestrze\u0144 dla opowie\u015bci. Pisanie intuicyjne. Opowiadanie obrazem. Praktyczne szkolenie gdzie uczymy si\u0119 tworzy opowie\u015bci.\" \/>\n<meta property=\"og:url\" content=\"https:\/\/www.tibum.pl\/shop\/produkt\/szkolenie-storytelling-online\" \/>\n<meta property=\"og:site_name\" content=\"Tibum Wydawnictwo Kamishibai - Papierowy Teatr\" \/>\n<meta property=\"article:publisher\" content=\"https:\/\/www.facebook.com\/PapierowyTeatr\" \/>\n<meta property=\"article:modified_time\" content=\"2026-03-27T16:00:54+00:00\" \/>\n<meta property=\"og:image\" content=\"https:\/\/www.tibum.pl\/shop\/wp-content\/uploads\/storytelling-w-edukacji.jpg\" \/>\n\t<meta property=\"og:image:width\" content=\"940\" \/>\n\t<meta property=\"og:image:height\" content=\"788\" \/>\n\t<meta property=\"og:image:type\" content=\"image\/jpeg\" \/>\n<meta name=\"twitter:card\" content=\"summary_large_image\" \/>\n<meta name=\"twitter:label1\" content=\"Szacowany czas czytania\" \/>\n\t<meta name=\"twitter:data1\" content=\"3 minuty\" \/>\n<script type=\"application\/ld+json\" class=\"yoast-schema-graph\">{\"@context\":\"https:\\\/\\\/schema.org\",\"@graph\":[{\"@type\":\"WebPage\",\"@id\":\"https:\\\/\\\/www.tibum.pl\\\/shop\\\/produkt\\\/szkolenie-storytelling-online\",\"url\":\"https:\\\/\\\/www.tibum.pl\\\/shop\\\/produkt\\\/szkolenie-storytelling-online\",\"name\":\"Szkolenie storytelling w edukacji - online 09.04.2026 - Tibum Wydawnictwo Kamishibai - Papierowy Teatr\",\"isPartOf\":{\"@id\":\"https:\\\/\\\/www.tibum.pl\\\/shop\\\/#website\"},\"primaryImageOfPage\":{\"@id\":\"https:\\\/\\\/www.tibum.pl\\\/shop\\\/produkt\\\/szkolenie-storytelling-online#primaryimage\"},\"image\":{\"@id\":\"https:\\\/\\\/www.tibum.pl\\\/shop\\\/produkt\\\/szkolenie-storytelling-online#primaryimage\"},\"thumbnailUrl\":\"https:\\\/\\\/www.tibum.pl\\\/shop\\\/wp-content\\\/uploads\\\/storytelling-w-edukacji.jpg\",\"datePublished\":\"2024-01-25T16:27:27+00:00\",\"dateModified\":\"2026-03-27T16:00:54+00:00\",\"description\":\"Szkolenie storytelling w edukacji. Jak tworzy kr\u00f3tkie, wci\u0105gaj\u0105ce opowie\u015bci. Gdzie szuka\u0107 inspiracji, jak tworzy przestrze\u0144 dla opowie\u015bci. Pisanie intuicyjne. Opowiadanie obrazem. Praktyczne szkolenie gdzie uczymy si\u0119 tworzy opowie\u015bci.\",\"breadcrumb\":{\"@id\":\"https:\\\/\\\/www.tibum.pl\\\/shop\\\/produkt\\\/szkolenie-storytelling-online#breadcrumb\"},\"inLanguage\":\"pl-PL\",\"potentialAction\":[{\"@type\":\"ReadAction\",\"target\":[\"https:\\\/\\\/www.tibum.pl\\\/shop\\\/produkt\\\/szkolenie-storytelling-online\"]}]},{\"@type\":\"ImageObject\",\"inLanguage\":\"pl-PL\",\"@id\":\"https:\\\/\\\/www.tibum.pl\\\/shop\\\/produkt\\\/szkolenie-storytelling-online#primaryimage\",\"url\":\"https:\\\/\\\/www.tibum.pl\\\/shop\\\/wp-content\\\/uploads\\\/storytelling-w-edukacji.jpg\",\"contentUrl\":\"https:\\\/\\\/www.tibum.pl\\\/shop\\\/wp-content\\\/uploads\\\/storytelling-w-edukacji.jpg\",\"width\":940,\"height\":788},{\"@type\":\"BreadcrumbList\",\"@id\":\"https:\\\/\\\/www.tibum.pl\\\/shop\\\/produkt\\\/szkolenie-storytelling-online#breadcrumb\",\"itemListElement\":[{\"@type\":\"ListItem\",\"position\":1,\"name\":\"Home\",\"item\":\"https:\\\/\\\/www.tibum.pl\\\/shop\\\/\"},{\"@type\":\"ListItem\",\"position\":2,\"name\":\"Sklep\",\"item\":\"https:\\\/\\\/www.tibum.pl\\\/shop\\\/sklep\"},{\"@type\":\"ListItem\",\"position\":3,\"name\":\"Szkolenie storytelling w edukacji &#8211; online 09.04.2026\"}]},{\"@type\":\"WebSite\",\"@id\":\"https:\\\/\\\/www.tibum.pl\\\/shop\\\/#website\",\"url\":\"https:\\\/\\\/www.tibum.pl\\\/shop\\\/\",\"name\":\"Tibum Wydawnictwo Kamishibai - Papierowy Teatr\",\"description\":\"wydawca ksi\u0105\u017cek i bajek obrazkowych kamishibai\",\"potentialAction\":[{\"@type\":\"SearchAction\",\"target\":{\"@type\":\"EntryPoint\",\"urlTemplate\":\"https:\\\/\\\/www.tibum.pl\\\/shop\\\/?s={search_term_string}\"},\"query-input\":{\"@type\":\"PropertyValueSpecification\",\"valueRequired\":true,\"valueName\":\"search_term_string\"}}],\"inLanguage\":\"pl-PL\"}]}<\/script>\n<!-- \/ Yoast SEO plugin. -->","yoast_head_json":{"title":"Szkolenie storytelling w edukacji - online 09.04.2026 - Tibum Wydawnictwo Kamishibai - Papierowy Teatr","description":"Szkolenie storytelling w edukacji. Jak tworzy kr\u00f3tkie, wci\u0105gaj\u0105ce opowie\u015bci. Gdzie szuka\u0107 inspiracji, jak tworzy przestrze\u0144 dla opowie\u015bci. Pisanie intuicyjne. Opowiadanie obrazem. Praktyczne szkolenie gdzie uczymy si\u0119 tworzy opowie\u015bci.","robots":{"index":"index","follow":"follow","max-snippet":"max-snippet:-1","max-image-preview":"max-image-preview:large","max-video-preview":"max-video-preview:-1"},"canonical":"https:\/\/www.tibum.pl\/shop\/produkt\/szkolenie-storytelling-online","og_locale":"pl_PL","og_type":"article","og_title":"Szkolenie storytelling w edukacji - online 09.04.2026 - Tibum Wydawnictwo Kamishibai - Papierowy Teatr","og_description":"Szkolenie storytelling w edukacji. Jak tworzy kr\u00f3tkie, wci\u0105gaj\u0105ce opowie\u015bci. Gdzie szuka\u0107 inspiracji, jak tworzy przestrze\u0144 dla opowie\u015bci. Pisanie intuicyjne. Opowiadanie obrazem. Praktyczne szkolenie gdzie uczymy si\u0119 tworzy opowie\u015bci.","og_url":"https:\/\/www.tibum.pl\/shop\/produkt\/szkolenie-storytelling-online","og_site_name":"Tibum Wydawnictwo Kamishibai - Papierowy Teatr","article_publisher":"https:\/\/www.facebook.com\/PapierowyTeatr","article_modified_time":"2026-03-27T16:00:54+00:00","og_image":[{"width":940,"height":788,"url":"https:\/\/www.tibum.pl\/shop\/wp-content\/uploads\/storytelling-w-edukacji.jpg","type":"image\/jpeg"}],"twitter_card":"summary_large_image","twitter_misc":{"Szacowany czas czytania":"3 minuty"},"schema":{"@context":"https:\/\/schema.org","@graph":[{"@type":"WebPage","@id":"https:\/\/www.tibum.pl\/shop\/produkt\/szkolenie-storytelling-online","url":"https:\/\/www.tibum.pl\/shop\/produkt\/szkolenie-storytelling-online","name":"Szkolenie storytelling w edukacji - online 09.04.2026 - Tibum Wydawnictwo Kamishibai - Papierowy Teatr","isPartOf":{"@id":"https:\/\/www.tibum.pl\/shop\/#website"},"primaryImageOfPage":{"@id":"https:\/\/www.tibum.pl\/shop\/produkt\/szkolenie-storytelling-online#primaryimage"},"image":{"@id":"https:\/\/www.tibum.pl\/shop\/produkt\/szkolenie-storytelling-online#primaryimage"},"thumbnailUrl":"https:\/\/www.tibum.pl\/shop\/wp-content\/uploads\/storytelling-w-edukacji.jpg","datePublished":"2024-01-25T16:27:27+00:00","dateModified":"2026-03-27T16:00:54+00:00","description":"Szkolenie storytelling w edukacji. Jak tworzy kr\u00f3tkie, wci\u0105gaj\u0105ce opowie\u015bci. Gdzie szuka\u0107 inspiracji, jak tworzy przestrze\u0144 dla opowie\u015bci. Pisanie intuicyjne. Opowiadanie obrazem. Praktyczne szkolenie gdzie uczymy si\u0119 tworzy opowie\u015bci.","breadcrumb":{"@id":"https:\/\/www.tibum.pl\/shop\/produkt\/szkolenie-storytelling-online#breadcrumb"},"inLanguage":"pl-PL","potentialAction":[{"@type":"ReadAction","target":["https:\/\/www.tibum.pl\/shop\/produkt\/szkolenie-storytelling-online"]}]},{"@type":"ImageObject","inLanguage":"pl-PL","@id":"https:\/\/www.tibum.pl\/shop\/produkt\/szkolenie-storytelling-online#primaryimage","url":"https:\/\/www.tibum.pl\/shop\/wp-content\/uploads\/storytelling-w-edukacji.jpg","contentUrl":"https:\/\/www.tibum.pl\/shop\/wp-content\/uploads\/storytelling-w-edukacji.jpg","width":940,"height":788},{"@type":"BreadcrumbList","@id":"https:\/\/www.tibum.pl\/shop\/produkt\/szkolenie-storytelling-online#breadcrumb","itemListElement":[{"@type":"ListItem","position":1,"name":"Home","item":"https:\/\/www.tibum.pl\/shop\/"},{"@type":"ListItem","position":2,"name":"Sklep","item":"https:\/\/www.tibum.pl\/shop\/sklep"},{"@type":"ListItem","position":3,"name":"Szkolenie storytelling w edukacji &#8211; online 09.04.2026"}]},{"@type":"WebSite","@id":"https:\/\/www.tibum.pl\/shop\/#website","url":"https:\/\/www.tibum.pl\/shop\/","name":"Tibum Wydawnictwo Kamishibai - Papierowy Teatr","description":"wydawca ksi\u0105\u017cek i bajek obrazkowych kamishibai","potentialAction":[{"@type":"SearchAction","target":{"@type":"EntryPoint","urlTemplate":"https:\/\/www.tibum.pl\/shop\/?s={search_term_string}"},"query-input":{"@type":"PropertyValueSpecification","valueRequired":true,"valueName":"search_term_string"}}],"inLanguage":"pl-PL"}]}},"_links":{"self":[{"href":"https:\/\/www.tibum.pl\/shop\/wp-json\/wp\/v2\/product\/20695","targetHints":{"allow":["GET"]}}],"collection":[{"href":"https:\/\/www.tibum.pl\/shop\/wp-json\/wp\/v2\/product"}],"about":[{"href":"https:\/\/www.tibum.pl\/shop\/wp-json\/wp\/v2\/types\/product"}],"wp:featuredmedia":[{"embeddable":true,"href":"https:\/\/www.tibum.pl\/shop\/wp-json\/wp\/v2\/media\/21985"}],"wp:attachment":[{"href":"https:\/\/www.tibum.pl\/shop\/wp-json\/wp\/v2\/media?parent=20695"}],"wp:term":[{"taxonomy":"product_brand","embeddable":true,"href":"https:\/\/www.tibum.pl\/shop\/wp-json\/wp\/v2\/product_brand?post=20695"},{"taxonomy":"product_cat","embeddable":true,"href":"https:\/\/www.tibum.pl\/shop\/wp-json\/wp\/v2\/product_cat?post=20695"},{"taxonomy":"product_tag","embeddable":true,"href":"https:\/\/www.tibum.pl\/shop\/wp-json\/wp\/v2\/product_tag?post=20695"}],"curies":[{"name":"wp","href":"https:\/\/api.w.org\/{rel}","templated":true}]}}