{"id":8218,"date":"2017-04-24T21:28:06","date_gmt":"2017-04-24T19:28:06","guid":{"rendered":"http:\/\/www.tibum.pl\/shop\/?post_type=product&#038;p=8218"},"modified":"2025-09-18T14:03:58","modified_gmt":"2025-09-18T12:03:58","slug":"trzeba-bedzie","status":"publish","type":"product","link":"https:\/\/www.tibum.pl\/shop\/produkt\/trzeba-bedzie","title":{"rendered":"&#8222;Trzeba b\u0119dzie&#8221;, T.Lenain, O.Tallec, 12 kart narracyjnych"},"content":{"rendered":"<div style=\"text-align: left;\">\n<p>ksi\u0105\u017cka kamishibai w formie ilustrowanych kart narracyjnych<\/p>\n<p>Tytu\u0142: <strong>&#8222;<cite>Trzeba b\u0119dzie<\/cite>&#8222;<\/strong><br \/>\nTytu\u0142 orygina\u0142u: &#8222;<cite>Il faudra<\/cite>&#8221;<br \/>\nAutor tekstu: <a title=\"Thierry Lenain\" href=\"https:\/\/www.tibum.pl\/shop\/autorzy\/thierry-lenain\">Thierry Lenain<\/a><br \/>\nIlustrator: <a href=\"https:\/\/www.tibum.pl\/shop\/autorzy\/olivier-tallec\">Olivier Talec<\/a><br \/>\nT\u0142umacz: <a href=\"https:\/\/www.tibum.pl\/shop\/autorzy\/dorota-vinet\">Dorota Vinet<\/a><\/p>\n<p>ISBN 978-83-934052-6-8<\/p>\n<article>Opowie\u015b\u0107 opisuje najistotniejsze problemy wsp\u00f3\u0142czesnego \u015bwiata \u2013 wojny, g\u0142\u00f3d, nier\u00f3wno\u015bci spo\u0142eczne, zanieczyszczenie \u015brodowiska. Autor robi to w spos\u00f3b przyst\u0119pny i r\u00f3wnocze\u015bnie poruszaj\u0105cy dla m\u0142odych odbiorc\u00f3w.<br \/>\nWszystkie trudne kwestie widziane s\u0105 oczami dziecka. Dziecko przeciwstawia im jednak pi\u0119kno przyrody, mi\u0142o\u015b\u0107, mo\u017cliwo\u015b\u0107 zmiany i szukania rozwi\u0105za\u0144 dla istniej\u0105cych problem\u00f3w.<\/article>\n<blockquote>\n<article>Ksi\u0105\u017cka pokazuje w sugestywny spos\u00f3b problemy \u015bwiata lecz r\u00f3wnocze\u015bnie daje nadziej\u0119, \u017ce dzi\u0119ki ich \u015bwiadomo\u015bci oraz obecno\u015bci \u2013 zaanga\u017cowaniu, jeste\u015bmy w stanie zmienia\u0107 \u015bwiat na lepsze.<\/article>\n<\/blockquote>\n<article>Pi\u0119kne, malarskie ilustracje autorstwa znakomitego francuskiego ilustratora Olivier&#8217;a Talec&#8217;a oraz uniwersalna tre\u015b\u0107 opowie\u015bci oczaruj\u0105 zar\u00f3wno dzieci, m\u0142odzie\u017c jak i doros\u0142ych.<\/article>\n<article><\/article>\n<article><\/article>\n<p>Wydawnictwo: Tibum<br \/>\nWymiary: A3<br \/>\nLiczba kart: 12 (dwustronnych)<br \/>\nIlo\u015b\u0107 stron 24 (tekst, ilustracje)<br \/>\nRok wydania: 2016<br \/>\nOprawa: kartonowa koperta<\/p>\n<\/div>\n<h2 style=\"text-align: right;\"><a href=\"https:\/\/www.tibum.pl\/shop\/wp-content\/uploads\/PrzykU0142adowy-scenariusz-lekcji_Trzeba-bU0119dzie.pdf\"><strong>Scenariusz lekcji do pobrania<\/strong><\/a><\/h2>\n<p style=\"text-align: justify; color: #212121; font-size: small; font-weight: normal;\"><strong>Uwaga:<\/strong><br \/>\nZdj\u0119cia w galerii produktu mog\u0105 zawiera\u0107 inne przedmioty np. ksi\u0105\u017cki, teatrzyki-parawany, kt\u00f3re s\u0105 osobno zamawianymi pozycjami<\/p>\n","protected":false},"excerpt":{"rendered":"<p>ksi\u0105\u017cka kamishibai w formie ilustrowanych kart narracyjnych<\/p>\n<div>Tytu\u0142: <strong>&#8222;<cite>TRZEBA B\u0118DZIE<\/cite>&#8222;<\/strong><br \/>\nTytu\u0142 orygina\u0142u: &#8222;<cite>Il faudra<\/cite>&#8221;<br \/>\nAutor tekstu: <a href=\"https:\/\/www.tibum.pl\/shop\/autorzy\/thierry-lenain\">Thierry Lenain<\/a><br \/>\nIlustrator: <a href=\"https:\/\/www.tibum.pl\/shop\/autorzy\/olivier-tallec\">Olivier Talec<\/a><br \/>\nT\u0142umacz: <a href=\"https:\/\/www.tibum.pl\/shop\/autorzy\/dorota-vinet\">Dorota Vinet<\/a><br \/>\nISBN 978-83-934052-6-8<\/div>\n","protected":false},"featured_media":10084,"template":"","meta":[],"product_brand":[],"product_cat":[18,48],"product_tag":[250,6,224,909,935,293,907,908],"class_list":{"0":"post-8218","1":"product","2":"type-product","3":"status-publish","4":"has-post-thumbnail","6":"product_cat-kamishibai","7":"product_cat-karty-narracyjne-do-teatrzyku-kamishibai","8":"product_tag-dziecko","9":"product_tag-kamishibai","10":"product_tag-karty-narracyjne","11":"product_tag-milosc","12":"product_tag-nadzieja","13":"product_tag-narodziny","14":"product_tag-problemy-swiata","15":"product_tag-wojna","16":"product_shipping_class-lekkie1","17":"description-off","19":"first","20":"instock","21":"taxable","22":"shipping-taxable","23":"purchasable","24":"product-type-simple"},"yoast_head":"<!-- This site is optimized with the Yoast SEO plugin v27.5 - https:\/\/yoast.com\/product\/yoast-seo-wordpress\/ -->\n<title>&quot;Trzeba b\u0119dzie&quot;, T.Lenain, O.Tallec, 12 kart narracyjnych - Tibum Wydawnictwo Kamishibai - Papierowy Teatr<\/title>\n<meta name=\"robots\" content=\"index, follow, max-snippet:-1, max-image-preview:large, max-video-preview:-1\" \/>\n<link rel=\"canonical\" href=\"https:\/\/www.tibum.pl\/shop\/produkt\/trzeba-bedzie\" \/>\n<meta property=\"og:locale\" content=\"pl_PL\" \/>\n<meta property=\"og:type\" content=\"article\" \/>\n<meta property=\"og:title\" content=\"&quot;Trzeba b\u0119dzie&quot;, T.Lenain, O.Tallec, 12 kart narracyjnych - Tibum Wydawnictwo Kamishibai - Papierowy Teatr\" \/>\n<meta property=\"og:description\" content=\"ksi\u0105\u017cka kamishibai w formie ilustrowanych kart narracyjnych Tytu\u0142: &quot;TRZEBA B\u0118DZIE&quot; Tytu\u0142 orygina\u0142u: &quot;Il faudra&quot; Autor tekstu: Thierry Lenain Ilustrator: Olivier Talec T\u0142umacz: Dorota Vinet ISBN 978-83-934052-6-8\" \/>\n<meta property=\"og:url\" content=\"https:\/\/www.tibum.pl\/shop\/produkt\/trzeba-bedzie\" \/>\n<meta property=\"og:site_name\" content=\"Tibum Wydawnictwo Kamishibai - Papierowy Teatr\" \/>\n<meta property=\"article:publisher\" content=\"https:\/\/www.facebook.com\/PapierowyTeatr\" \/>\n<meta property=\"article:modified_time\" content=\"2025-09-18T12:03:58+00:00\" \/>\n<meta property=\"og:image\" content=\"https:\/\/www.tibum.pl\/shop\/wp-content\/uploads\/trzeba_bedzie_okladka-e1710164292176.jpg\" \/>\n\t<meta property=\"og:image:width\" content=\"620\" \/>\n\t<meta property=\"og:image:height\" content=\"449\" \/>\n\t<meta property=\"og:image:type\" content=\"image\/jpeg\" \/>\n<meta name=\"twitter:card\" content=\"summary_large_image\" \/>\n<meta name=\"twitter:label1\" content=\"Szacowany czas czytania\" \/>\n\t<meta name=\"twitter:data1\" content=\"1 minuta\" \/>\n<script type=\"application\/ld+json\" class=\"yoast-schema-graph\">{\"@context\":\"https:\\\/\\\/schema.org\",\"@graph\":[{\"@type\":\"WebPage\",\"@id\":\"https:\\\/\\\/www.tibum.pl\\\/shop\\\/produkt\\\/trzeba-bedzie\",\"url\":\"https:\\\/\\\/www.tibum.pl\\\/shop\\\/produkt\\\/trzeba-bedzie\",\"name\":\"\\\"Trzeba b\u0119dzie\\\", T.Lenain, O.Tallec, 12 kart narracyjnych - Tibum Wydawnictwo Kamishibai - Papierowy Teatr\",\"isPartOf\":{\"@id\":\"https:\\\/\\\/www.tibum.pl\\\/shop\\\/#website\"},\"primaryImageOfPage\":{\"@id\":\"https:\\\/\\\/www.tibum.pl\\\/shop\\\/produkt\\\/trzeba-bedzie#primaryimage\"},\"image\":{\"@id\":\"https:\\\/\\\/www.tibum.pl\\\/shop\\\/produkt\\\/trzeba-bedzie#primaryimage\"},\"thumbnailUrl\":\"https:\\\/\\\/www.tibum.pl\\\/shop\\\/wp-content\\\/uploads\\\/trzeba_bedzie_okladka-e1710164292176.jpg\",\"datePublished\":\"2017-04-24T19:28:06+00:00\",\"dateModified\":\"2025-09-18T12:03:58+00:00\",\"breadcrumb\":{\"@id\":\"https:\\\/\\\/www.tibum.pl\\\/shop\\\/produkt\\\/trzeba-bedzie#breadcrumb\"},\"inLanguage\":\"pl-PL\",\"potentialAction\":[{\"@type\":\"ReadAction\",\"target\":[\"https:\\\/\\\/www.tibum.pl\\\/shop\\\/produkt\\\/trzeba-bedzie\"]}]},{\"@type\":\"ImageObject\",\"inLanguage\":\"pl-PL\",\"@id\":\"https:\\\/\\\/www.tibum.pl\\\/shop\\\/produkt\\\/trzeba-bedzie#primaryimage\",\"url\":\"https:\\\/\\\/www.tibum.pl\\\/shop\\\/wp-content\\\/uploads\\\/trzeba_bedzie_okladka-e1710164292176.jpg\",\"contentUrl\":\"https:\\\/\\\/www.tibum.pl\\\/shop\\\/wp-content\\\/uploads\\\/trzeba_bedzie_okladka-e1710164292176.jpg\",\"width\":620,\"height\":449,\"caption\":\"trzeba b\u0119dzie ; il faudra\"},{\"@type\":\"BreadcrumbList\",\"@id\":\"https:\\\/\\\/www.tibum.pl\\\/shop\\\/produkt\\\/trzeba-bedzie#breadcrumb\",\"itemListElement\":[{\"@type\":\"ListItem\",\"position\":1,\"name\":\"Home\",\"item\":\"https:\\\/\\\/www.tibum.pl\\\/shop\\\/\"},{\"@type\":\"ListItem\",\"position\":2,\"name\":\"Sklep\",\"item\":\"https:\\\/\\\/www.tibum.pl\\\/shop\\\/sklep\"},{\"@type\":\"ListItem\",\"position\":3,\"name\":\"&#8220;Trzeba b\u0119dzie&#8221;, T.Lenain, O.Tallec, 12 kart narracyjnych\"}]},{\"@type\":\"WebSite\",\"@id\":\"https:\\\/\\\/www.tibum.pl\\\/shop\\\/#website\",\"url\":\"https:\\\/\\\/www.tibum.pl\\\/shop\\\/\",\"name\":\"Tibum Wydawnictwo Kamishibai - Papierowy Teatr\",\"description\":\"wydawca ksi\u0105\u017cek i bajek obrazkowych kamishibai\",\"potentialAction\":[{\"@type\":\"SearchAction\",\"target\":{\"@type\":\"EntryPoint\",\"urlTemplate\":\"https:\\\/\\\/www.tibum.pl\\\/shop\\\/?s={search_term_string}\"},\"query-input\":{\"@type\":\"PropertyValueSpecification\",\"valueRequired\":true,\"valueName\":\"search_term_string\"}}],\"inLanguage\":\"pl-PL\"}]}<\/script>\n<!-- \/ Yoast SEO plugin. -->","yoast_head_json":{"title":"\"Trzeba b\u0119dzie\", T.Lenain, O.Tallec, 12 kart narracyjnych - Tibum Wydawnictwo Kamishibai - Papierowy Teatr","robots":{"index":"index","follow":"follow","max-snippet":"max-snippet:-1","max-image-preview":"max-image-preview:large","max-video-preview":"max-video-preview:-1"},"canonical":"https:\/\/www.tibum.pl\/shop\/produkt\/trzeba-bedzie","og_locale":"pl_PL","og_type":"article","og_title":"\"Trzeba b\u0119dzie\", T.Lenain, O.Tallec, 12 kart narracyjnych - Tibum Wydawnictwo Kamishibai - Papierowy Teatr","og_description":"ksi\u0105\u017cka kamishibai w formie ilustrowanych kart narracyjnych Tytu\u0142: \"TRZEBA B\u0118DZIE\" Tytu\u0142 orygina\u0142u: \"Il faudra\" Autor tekstu: Thierry Lenain Ilustrator: Olivier Talec T\u0142umacz: Dorota Vinet ISBN 978-83-934052-6-8","og_url":"https:\/\/www.tibum.pl\/shop\/produkt\/trzeba-bedzie","og_site_name":"Tibum Wydawnictwo Kamishibai - Papierowy Teatr","article_publisher":"https:\/\/www.facebook.com\/PapierowyTeatr","article_modified_time":"2025-09-18T12:03:58+00:00","og_image":[{"width":620,"height":449,"url":"https:\/\/www.tibum.pl\/shop\/wp-content\/uploads\/trzeba_bedzie_okladka-e1710164292176.jpg","type":"image\/jpeg"}],"twitter_card":"summary_large_image","twitter_misc":{"Szacowany czas czytania":"1 minuta"},"schema":{"@context":"https:\/\/schema.org","@graph":[{"@type":"WebPage","@id":"https:\/\/www.tibum.pl\/shop\/produkt\/trzeba-bedzie","url":"https:\/\/www.tibum.pl\/shop\/produkt\/trzeba-bedzie","name":"\"Trzeba b\u0119dzie\", T.Lenain, O.Tallec, 12 kart narracyjnych - Tibum Wydawnictwo Kamishibai - Papierowy Teatr","isPartOf":{"@id":"https:\/\/www.tibum.pl\/shop\/#website"},"primaryImageOfPage":{"@id":"https:\/\/www.tibum.pl\/shop\/produkt\/trzeba-bedzie#primaryimage"},"image":{"@id":"https:\/\/www.tibum.pl\/shop\/produkt\/trzeba-bedzie#primaryimage"},"thumbnailUrl":"https:\/\/www.tibum.pl\/shop\/wp-content\/uploads\/trzeba_bedzie_okladka-e1710164292176.jpg","datePublished":"2017-04-24T19:28:06+00:00","dateModified":"2025-09-18T12:03:58+00:00","breadcrumb":{"@id":"https:\/\/www.tibum.pl\/shop\/produkt\/trzeba-bedzie#breadcrumb"},"inLanguage":"pl-PL","potentialAction":[{"@type":"ReadAction","target":["https:\/\/www.tibum.pl\/shop\/produkt\/trzeba-bedzie"]}]},{"@type":"ImageObject","inLanguage":"pl-PL","@id":"https:\/\/www.tibum.pl\/shop\/produkt\/trzeba-bedzie#primaryimage","url":"https:\/\/www.tibum.pl\/shop\/wp-content\/uploads\/trzeba_bedzie_okladka-e1710164292176.jpg","contentUrl":"https:\/\/www.tibum.pl\/shop\/wp-content\/uploads\/trzeba_bedzie_okladka-e1710164292176.jpg","width":620,"height":449,"caption":"trzeba b\u0119dzie ; il faudra"},{"@type":"BreadcrumbList","@id":"https:\/\/www.tibum.pl\/shop\/produkt\/trzeba-bedzie#breadcrumb","itemListElement":[{"@type":"ListItem","position":1,"name":"Home","item":"https:\/\/www.tibum.pl\/shop\/"},{"@type":"ListItem","position":2,"name":"Sklep","item":"https:\/\/www.tibum.pl\/shop\/sklep"},{"@type":"ListItem","position":3,"name":"&#8220;Trzeba b\u0119dzie&#8221;, T.Lenain, O.Tallec, 12 kart narracyjnych"}]},{"@type":"WebSite","@id":"https:\/\/www.tibum.pl\/shop\/#website","url":"https:\/\/www.tibum.pl\/shop\/","name":"Tibum Wydawnictwo Kamishibai - Papierowy Teatr","description":"wydawca ksi\u0105\u017cek i bajek obrazkowych kamishibai","potentialAction":[{"@type":"SearchAction","target":{"@type":"EntryPoint","urlTemplate":"https:\/\/www.tibum.pl\/shop\/?s={search_term_string}"},"query-input":{"@type":"PropertyValueSpecification","valueRequired":true,"valueName":"search_term_string"}}],"inLanguage":"pl-PL"}]}},"_links":{"self":[{"href":"https:\/\/www.tibum.pl\/shop\/wp-json\/wp\/v2\/product\/8218","targetHints":{"allow":["GET"]}}],"collection":[{"href":"https:\/\/www.tibum.pl\/shop\/wp-json\/wp\/v2\/product"}],"about":[{"href":"https:\/\/www.tibum.pl\/shop\/wp-json\/wp\/v2\/types\/product"}],"wp:featuredmedia":[{"embeddable":true,"href":"https:\/\/www.tibum.pl\/shop\/wp-json\/wp\/v2\/media\/10084"}],"wp:attachment":[{"href":"https:\/\/www.tibum.pl\/shop\/wp-json\/wp\/v2\/media?parent=8218"}],"wp:term":[{"taxonomy":"product_brand","embeddable":true,"href":"https:\/\/www.tibum.pl\/shop\/wp-json\/wp\/v2\/product_brand?post=8218"},{"taxonomy":"product_cat","embeddable":true,"href":"https:\/\/www.tibum.pl\/shop\/wp-json\/wp\/v2\/product_cat?post=8218"},{"taxonomy":"product_tag","embeddable":true,"href":"https:\/\/www.tibum.pl\/shop\/wp-json\/wp\/v2\/product_tag?post=8218"}],"curies":[{"name":"wp","href":"https:\/\/api.w.org\/{rel}","templated":true}]}}